{"id":172,"date":"2023-11-04T14:25:52","date_gmt":"2023-11-04T13:25:52","guid":{"rendered":"http:\/\/serwer235124.lh.pl\/autoinstalator\/serwer235124.lh.pl\/wordpress40291\/?post_type=product&#038;p=172"},"modified":"2026-08-07T08:00:57","modified_gmt":"2026-08-07T06:00:57","slug":"zestaw-zabudowa-scian-vana-hatu-area","status":"publish","type":"product","link":"https:\/\/hatu.pl\/index.php\/produkt\/zestaw-zabudowa-scian-vana-hatu-area\/","title":{"rendered":"4 cz\u0119\u015bciowa, tapicerowana zabudowa \u015bcian vana VW T5\/T6 HATU AREA"},"content":{"rendered":"\t\t<div data-elementor-type=\"product-post\" data-elementor-id=\"172\" class=\"elementor elementor-172\" data-elementor-post-type=\"product\">\n\t\t\t\t<div class=\"elementor-element elementor-element-162ebade e-flex e-con-boxed e-con e-parent\" data-id=\"162ebade\" data-element_type=\"container\" data-e-type=\"container\">\n\t\t\t\t\t<div class=\"e-con-inner\">\n\t\t\t\t<div class=\"elementor-element elementor-element-4de01836 elementor-widget elementor-widget-text-editor\" data-id=\"4de01836\" data-element_type=\"widget\" data-e-type=\"widget\" data-widget_type=\"text-editor.default\">\n\t\t\t\t<div class=\"elementor-widget-container\">\n\t\t\t\t\t\t\t\t\t<h5>HATU AREA \u2013 komplet paneli do samodzielnego monta\u017cu<\/h5><p class=\"isSelectedEnd\">Chcesz odmieni\u0107 wn\u0119trze swojego Volkswagena T5 lub T6 i nada\u0107 mu nowoczesny wygl\u0105d? Kompletny zestaw paneli tapicerowanych HATU AREA pozwala w prosty spos\u00f3b estetycznie wyko\u0144czy\u0107 boczne \u015bciany pojazdu oraz stworzy\u0107 sp\u00f3jn\u0105 zabudow\u0119 wn\u0119trza.<\/p><p class=\"isSelectedEnd\">Zestaw zosta\u0142 zaprojektowany z my\u015bl\u0105 o samodzielnym monta\u017cu i obejmuje wszystkie elementy potrzebne do wyko\u0144czenia tylnej cz\u0119\u015bci vana:<\/p><ul data-spread=\"false\"><li>2 panele tapicerowane II rz\u0119du,<\/li><li>2 panele tapicerowane III rz\u0119du,<\/li><li>os\u0142on\u0119 gniazda pas\u00f3w bezpiecze\u0144stwa.<\/li><\/ul><p>To idealne rozwi\u0105zanie dla os\u00f3b buduj\u0105cych campervana, modernizuj\u0105cych samoch\u00f3d wyprawowy lub chc\u0105cych poprawi\u0107 wygl\u0105d i komfort wn\u0119trza swojego VW T5\/T6.<\/p><h5><strong>Zabudowa \u015acian Vana \u2013 Precyzyjno\u015b\u0107 i Wytrzyma\u0142o\u015b\u0107<\/strong><\/h5><p class=\"isSelectedEnd\">Elementy zestawu produkowane s\u0105 z wykorzystaniem technologii CNC, kt\u00f3ra gwarantuje idealne dopasowanie oraz wysok\u0105 powtarzalno\u015b\u0107 wykonania.<\/p><p class=\"isSelectedEnd\">Do produkcji wykorzystujemy:<\/p><ul data-spread=\"false\"><li>p\u0142yty laminowane dopasowane wygl\u0105dem do fabrycznych element\u00f3w wn\u0119trza,<\/li><li>fornirowan\u0105 sklejk\u0119 zabezpieczon\u0105 trwa\u0142\u0105 lazur\u0105 ochronn\u0105,<\/li><li>wysokogatunkowe materia\u0142y tapicerskie z certyfikatem OEKO-TEX Standard 100.<\/li><\/ul><p>Dzi\u0119ki zastosowaniu trwa\u0142ych materia\u0142\u00f3w panele s\u0105 odporne na codzienne u\u017cytkowanie, a jednocze\u015bnie nadaj\u0105 wn\u0119trzu elegancki i przytulny charakter.<\/p><h5><strong>Zabudowa kampera w twoim vanie \u2013 Komfort, Funkcjonalno\u015b\u0107 i Estetyka<\/strong><\/h5><p>Tapicerowane panele poprawiaj\u0105 wygl\u0105d wn\u0119trza, zwi\u0119kszaj\u0105 komfort u\u017cytkowania oraz pozwalaj\u0105 stworzy\u0107 sp\u00f3jn\u0105 zabudow\u0119 nadaj\u0105c przy tym charakter campervana.<\/p><h5>Zabudowa VW T5\/T6 &#8211; \u0141atwy monta\u017c<\/h5><p>Seria HATU AREA zosta\u0142a zaprojektowana z my\u015bl\u0105 o samodzielnym monta\u017cu. Precyzyjnie dopasowane elementy umo\u017cliwiaj\u0105 szybki i intuicyjny monta\u017c, a wszystkie niezb\u0119dne narz\u0119dzia znajduj\u0105 si\u0119 w zestawie.<\/p><p>Zapraszamy do zapoznania si\u0119 z\u00a0<a href=\"https:\/\/hatu.pl\/index.php\/sklep\/\">pe\u0142n\u0105 ofert\u0105 naszych produkt\u00f3w<\/a>, kt\u00f3re pozwol\u0105 Ci na kompleksow\u0105 zabudow\u0119 wn\u0119trza Twojego samochodu!<br \/>Nie zapomnij odwiedzi\u0107 naszych profili na\u00a0<a href=\"https:\/\/www.facebook.com\/hatucampsolutions\" target=\"_blank\" rel=\"noopener\">Facebooku<\/a>\u00a0i\u00a0<a href=\"https:\/\/www.instagram.com\/hatucampsolutions\/\" target=\"_blank\" rel=\"noopener\">Instagramie<\/a>, aby by\u0107 na bie\u017c\u0105co z nowo\u015bciami i inspiracjami!<\/p>\t\t\t\t\t\t\t\t<\/div>\n\t\t\t\t<\/div>\n\t\t\t\t\t<\/div>\n\t\t\t\t<\/div>\n\t\t<div class=\"elementor-element elementor-element-4160901 e-flex e-con-boxed e-con e-parent\" data-id=\"4160901\" data-element_type=\"container\" data-e-type=\"container\">\n\t\t\t\t\t<div class=\"e-con-inner\">\n\t\t<div class=\"elementor-element elementor-element-8a65fd2 e-con-full e-flex e-con e-child\" data-id=\"8a65fd2\" data-element_type=\"container\" data-e-type=\"container\">\n\t\t\t\t<div class=\"elementor-element elementor-element-249724a elementor-widget elementor-widget-heading\" data-id=\"249724a\" data-element_type=\"widget\" data-e-type=\"widget\" data-widget_type=\"heading.default\">\n\t\t\t\t<div class=\"elementor-widget-container\">\n\t\t\t\t\t<h2 class=\"elementor-heading-title elementor-size-default\">2-gi rz\u0105d<\/h2>\t\t\t\t<\/div>\n\t\t\t\t<\/div>\n\t\t\t\t<div class=\"elementor-element elementor-element-8222a53 elementor-widget elementor-widget-image\" data-id=\"8222a53\" data-element_type=\"widget\" data-e-type=\"widget\" data-widget_type=\"image.default\">\n\t\t\t\t<div class=\"elementor-widget-container\">\n\t\t\t\t\t\t\t\t\t\t\t\t\t\t\t<img fetchpriority=\"high\" decoding=\"async\" width=\"809\" height=\"455\" src=\"https:\/\/hatu.pl\/wp-content\/uploads\/2023\/11\/Volkswagen-Multivan-seats-2.webp\" class=\"attachment-large size-large wp-image-5198\" alt=\"\" srcset=\"https:\/\/hatu.pl\/wp-content\/uploads\/2023\/11\/Volkswagen-Multivan-seats-2.webp 809w, https:\/\/hatu.pl\/wp-content\/uploads\/2023\/11\/Volkswagen-Multivan-seats-2-300x169.webp 300w, https:\/\/hatu.pl\/wp-content\/uploads\/2023\/11\/Volkswagen-Multivan-seats-2-768x432.webp 768w, https:\/\/hatu.pl\/wp-content\/uploads\/2023\/11\/Volkswagen-Multivan-seats-2-600x337.webp 600w\" sizes=\"(max-width: 809px) 100vw, 809px\" \/>\t\t\t\t\t\t\t\t\t\t\t\t\t\t\t<\/div>\n\t\t\t\t<\/div>\n\t\t\t\t<\/div>\n\t\t<div class=\"elementor-element elementor-element-bed388e e-con-full e-flex e-con e-child\" data-id=\"bed388e\" data-element_type=\"container\" data-e-type=\"container\">\n\t\t\t\t<div class=\"elementor-element elementor-element-9209aa1 elementor-widget elementor-widget-heading\" data-id=\"9209aa1\" data-element_type=\"widget\" data-e-type=\"widget\" data-widget_type=\"heading.default\">\n\t\t\t\t<div class=\"elementor-widget-container\">\n\t\t\t\t\t<h2 class=\"elementor-heading-title elementor-size-default\">3-ci rz\u0105d<\/h2>\t\t\t\t<\/div>\n\t\t\t\t<\/div>\n\t\t\t\t<div class=\"elementor-element elementor-element-d69d98b elementor-widget elementor-widget-image\" data-id=\"d69d98b\" data-element_type=\"widget\" data-e-type=\"widget\" data-widget_type=\"image.default\">\n\t\t\t\t<div class=\"elementor-widget-container\">\n\t\t\t\t\t\t\t\t\t\t\t\t\t\t\t<img decoding=\"async\" width=\"809\" height=\"455\" src=\"https:\/\/hatu.pl\/wp-content\/uploads\/2023\/11\/Volkswagen-Multivan-seats-3.png\" class=\"attachment-large size-large wp-image-5199\" alt=\"\" srcset=\"https:\/\/hatu.pl\/wp-content\/uploads\/2023\/11\/Volkswagen-Multivan-seats-3.png 809w, https:\/\/hatu.pl\/wp-content\/uploads\/2023\/11\/Volkswagen-Multivan-seats-3-300x169.png 300w, https:\/\/hatu.pl\/wp-content\/uploads\/2023\/11\/Volkswagen-Multivan-seats-3-768x432.png 768w, https:\/\/hatu.pl\/wp-content\/uploads\/2023\/11\/Volkswagen-Multivan-seats-3-600x337.png 600w\" sizes=\"(max-width: 809px) 100vw, 809px\" \/>\t\t\t\t\t\t\t\t\t\t\t\t\t\t\t<\/div>\n\t\t\t\t<\/div>\n\t\t\t\t<\/div>\n\t\t\t\t\t<\/div>\n\t\t\t\t<\/div>\n\t\t\t\t<\/div>\n\t\t","protected":false},"excerpt":{"rendered":"<p><strong>Hatu Area\u00a0<\/strong>to seria produkt\u00f3w do zabudowy \u015bcian w vanie, do samodzielnego monta\u017cu pozwalaj\u0105cych w \u0142atwy i szybki spos\u00f3b zmieni\u0107 wn\u0119trze VW T5, T6, T6.1.<\/p>\n<p>Elementy zabudowy \u015bcian wykonujemy w technologii CNC daj\u0105cej absolutn\u0105 dok\u0142adno\u015b\u0107 i powtarzalno\u015b\u0107. Do produkcji u\u017cywamy p\u0142yt laminowanych identycznych z oryginalnymi, fornirowanej sklejki zabezpieczonej wysokiej jako\u015bci lazur\u0105 ochronn\u0105 oraz trwa\u0142ych i bezpiecznych dla u\u017cytkowanika i \u015brodowiska materia\u0142\u00f3w tapicerskich posiadaj\u0105cych certyfikat &#8222;OEKO-TEX Standard 100&#8221;.<\/p>\n<p>W celu zachowania najwy\u017cszych standard\u00f3w jako\u015bci oraz zminimalizowania \u015bladu w\u0119glowego naszych produkt\u00f3w torby z serii Hatu Area szyte s\u0105 w Polsce z wysokiej jako\u015bci certyfikowanych materia\u0142\u00f3w europejskiego pochodzenia.<\/p>\n","protected":false},"featured_media":915,"comment_status":"open","ping_status":"closed","template":"","meta":{"site-sidebar-layout":"default","site-content-layout":"","ast-site-content-layout":"default","site-content-style":"default","site-sidebar-style":"default","ast-global-header-display":"","ast-banner-title-visibility":"","ast-main-header-display":"","ast-hfb-above-header-display":"","ast-hfb-below-header-display":"","ast-hfb-mobile-header-display":"","site-post-title":"","ast-breadcrumbs-content":"","ast-featured-img":"","footer-sml-layout":"","ast-disable-related-posts":"","theme-transparent-header-meta":"default","adv-header-id-meta":"","stick-header-meta":"","header-above-stick-meta":"","header-main-stick-meta":"","header-below-stick-meta":"","astra-migrate-meta-layouts":"set","ast-page-background-enabled":"default","ast-page-background-meta":{"desktop":{"background-color":"var(--ast-global-color-4)","background-image":"","background-repeat":"repeat","background-position":"center center","background-size":"auto","background-attachment":"scroll","background-type":"","background-media":"","overlay-type":"","overlay-color":"","overlay-opacity":"","overlay-gradient":""},"tablet":{"background-color":"","background-image":"","background-repeat":"repeat","background-position":"center center","background-size":"auto","background-attachment":"scroll","background-type":"","background-media":"","overlay-type":"","overlay-color":"","overlay-opacity":"","overlay-gradient":""},"mobile":{"background-color":"","background-image":"","background-repeat":"repeat","background-position":"center center","background-size":"auto","background-attachment":"scroll","background-type":"","background-media":"","overlay-type":"","overlay-color":"","overlay-opacity":"","overlay-gradient":""}},"ast-content-background-meta":{"desktop":{"background-color":"var(--ast-global-color-5)","background-image":"","background-repeat":"repeat","background-position":"center center","background-size":"auto","background-attachment":"scroll","background-type":"","background-media":"","overlay-type":"","overlay-color":"","overlay-opacity":"","overlay-gradient":""},"tablet":{"background-color":"var(--ast-global-color-5)","background-image":"","background-repeat":"repeat","background-position":"center center","background-size":"auto","background-attachment":"scroll","background-type":"","background-media":"","overlay-type":"","overlay-color":"","overlay-opacity":"","overlay-gradient":""},"mobile":{"background-color":"var(--ast-global-color-5)","background-image":"","background-repeat":"repeat","background-position":"center center","background-size":"auto","background-attachment":"scroll","background-type":"","background-media":"","overlay-type":"","overlay-color":"","overlay-opacity":"","overlay-gradient":""}}},"product_brand":[265],"product_cat":[23],"product_tag":[18,19],"class_list":["post-172","product","type-product","status-publish","has-post-thumbnail","product_brand-hatu","product_cat-zabudowa-scian-do-vana","product_tag-t5","product_tag-t6","pa_kolor-czarny","pa_kolor-szary","pa_samoch-t5-long","pa_samoch-t5","pa_samoch-volkswagen-t6-long","pa_samoch-t6","desktop-align-center","tablet-align-left","mobile-align-left","first","instock","taxable","shipping-taxable","purchasable","product-type-woosg"],"_links":{"self":[{"href":"https:\/\/hatu.pl\/index.php\/wp-json\/wp\/v2\/product\/172","targetHints":{"allow":["GET"]}}],"collection":[{"href":"https:\/\/hatu.pl\/index.php\/wp-json\/wp\/v2\/product"}],"about":[{"href":"https:\/\/hatu.pl\/index.php\/wp-json\/wp\/v2\/types\/product"}],"replies":[{"embeddable":true,"href":"https:\/\/hatu.pl\/index.php\/wp-json\/wp\/v2\/comments?post=172"}],"version-history":[{"count":19,"href":"https:\/\/hatu.pl\/index.php\/wp-json\/wp\/v2\/product\/172\/revisions"}],"predecessor-version":[{"id":6295,"href":"https:\/\/hatu.pl\/index.php\/wp-json\/wp\/v2\/product\/172\/revisions\/6295"}],"wp:featuredmedia":[{"embeddable":true,"href":"https:\/\/hatu.pl\/index.php\/wp-json\/wp\/v2\/media\/915"}],"wp:attachment":[{"href":"https:\/\/hatu.pl\/index.php\/wp-json\/wp\/v2\/media?parent=172"}],"wp:term":[{"taxonomy":"product_brand","embeddable":true,"href":"https:\/\/hatu.pl\/index.php\/wp-json\/wp\/v2\/product_brand?post=172"},{"taxonomy":"product_cat","embeddable":true,"href":"https:\/\/hatu.pl\/index.php\/wp-json\/wp\/v2\/product_cat?post=172"},{"taxonomy":"product_tag","embeddable":true,"href":"https:\/\/hatu.pl\/index.php\/wp-json\/wp\/v2\/product_tag?post=172"}],"curies":[{"name":"wp","href":"https:\/\/api.w.org\/{rel}","templated":true}]}}

4 częściowa, tapicerowana zabudowa ścian vana VW T5/T6 HATU AREA

<div data-elementor-type="product-post" data-elementor-id="172" class="elementor elementor-172" data-elementor-post-type="product">
				<div class="elementor-element elementor-element-162ebade e-flex e-con-boxed e-con e-parent" data-id="162ebade" data-element_type="container" data-e-type="container">
					<div class="e-con-inner">
				<div class="elementor-element elementor-element-4de01836 elementor-widget elementor-widget-text-editor" data-id="4de01836" data-element_type="widget" data-e-type="widget" data-widget_type="text-editor.default">
				<div class="elementor-widget-container">
									<h5>HATU AREA – komplet paneli do samodzielnego montażu</h5><p class="isSelectedEnd">Chcesz odmienić wnętrze swojego Volkswagena T5 lub T6 i nadać mu nowoczesny wygląd? Kompletny zestaw paneli tapicerowanych HATU AREA pozwala w prosty sposób estetycznie wykończyć boczne ściany pojazdu oraz stworzyć spójną zabudowę wnętrza.</p><p class="isSelectedEnd">Zestaw został zaprojektowany z myślą o samodzielnym montażu i obejmuje wszystkie elementy potrzebne do wykończenia tylnej części vana:</p><ul data-spread="false"><li>2 panele tapicerowane II rzędu,</li><li>2 panele tapicerowane III rzędu,</li><li>osłonę gniazda pasów bezpieczeństwa.</li></ul><p>To idealne rozwiązanie dla osób budujących campervana, modernizujących samochód wyprawowy lub chcących poprawić wygląd i komfort wnętrza swojego VW T5/T6.</p><h5><strong>Zabudowa Ścian Vana – Precyzyjność i Wytrzymałość</strong></h5><p class="isSelectedEnd">Elementy zestawu produkowane są z wykorzystaniem technologii CNC, która gwarantuje idealne dopasowanie oraz wysoką powtarzalność wykonania.</p><p class="isSelectedEnd">Do produkcji wykorzystujemy:</p><ul data-spread="false"><li>płyty laminowane dopasowane wyglądem do fabrycznych elementów wnętrza,</li><li>fornirowaną sklejkę zabezpieczoną trwałą lazurą ochronną,</li><li>wysokogatunkowe materiały tapicerskie z certyfikatem OEKO-TEX Standard 100.</li></ul><p>Dzięki zastosowaniu trwałych materiałów panele są odporne na codzienne użytkowanie, a jednocześnie nadają wnętrzu elegancki i przytulny charakter.</p><h5><strong>Zabudowa kampera w twoim vanie – Komfort, Funkcjonalność i Estetyka</strong></h5><p>Tapicerowane panele poprawiają wygląd wnętrza, zwiększają komfort użytkowania oraz pozwalają stworzyć spójną zabudowę nadając przy tym charakter campervana.</p><h5>Zabudowa VW T5/T6 &#8211; Łatwy montaż</h5><p>Seria HATU AREA została zaprojektowana z myślą o samodzielnym montażu. Precyzyjnie dopasowane elementy umożliwiają szybki i intuicyjny montaż, a wszystkie niezbędne narzędzia znajdują się w zestawie.</p><p>Zapraszamy do zapoznania się z <a href="https://hatu.pl/index.php/sklep/">pełną ofertą naszych produktów</a>, które pozwolą Ci na kompleksową zabudowę wnętrza Twojego samochodu!<br />Nie zapomnij odwiedzić naszych profili na <a href="https://www.facebook.com/hatucampsolutions" target="_blank" rel="noopener">Facebooku</a> i <a href="https://www.instagram.com/hatucampsolutions/" target="_blank" rel="noopener">Instagramie</a>, aby być na bieżąco z nowościami i inspiracjami!</p>								</div>
				</div>
					</div>
				</div>
		<div class="elementor-element elementor-element-4160901 e-flex e-con-boxed e-con e-parent" data-id="4160901" data-element_type="container" data-e-type="container">
					<div class="e-con-inner">
		<div class="elementor-element elementor-element-8a65fd2 e-con-full e-flex e-con e-child" data-id="8a65fd2" data-element_type="container" data-e-type="container">
				<div class="elementor-element elementor-element-249724a elementor-widget elementor-widget-heading" data-id="249724a" data-element_type="widget" data-e-type="widget" data-widget_type="heading.default">
				<div class="elementor-widget-container">
					<h2 class="elementor-heading-title elementor-size-default">2-gi rząd</h2>				</div>
				</div>
				<div class="elementor-element elementor-element-8222a53 elementor-widget elementor-widget-image" data-id="8222a53" data-element_type="widget" data-e-type="widget" data-widget_type="image.default">
				<div class="elementor-widget-container">
															<img fetchpriority="high" decoding="async" width="809" height="455" src="https://hatu.pl/wp-content/uploads/2023/11/Volkswagen-Multivan-seats-2.webp" class="attachment-large size-large wp-image-5198" alt="" srcset="https://hatu.pl/wp-content/uploads/2023/11/Volkswagen-Multivan-seats-2.webp 809w, https://hatu.pl/wp-content/uploads/2023/11/Volkswagen-Multivan-seats-2-300x169.webp 300w, https://hatu.pl/wp-content/uploads/2023/11/Volkswagen-Multivan-seats-2-768x432.webp 768w, https://hatu.pl/wp-content/uploads/2023/11/Volkswagen-Multivan-seats-2-600x337.webp 600w" sizes="(max-width: 809px) 100vw, 809px" />															</div>
				</div>
				</div>
		<div class="elementor-element elementor-element-bed388e e-con-full e-flex e-con e-child" data-id="bed388e" data-element_type="container" data-e-type="container">
				<div class="elementor-element elementor-element-9209aa1 elementor-widget elementor-widget-heading" data-id="9209aa1" data-element_type="widget" data-e-type="widget" data-widget_type="heading.default">
				<div class="elementor-widget-container">
					<h2 class="elementor-heading-title elementor-size-default">3-ci rząd</h2>				</div>
				</div>
				<div class="elementor-element elementor-element-d69d98b elementor-widget elementor-widget-image" data-id="d69d98b" data-element_type="widget" data-e-type="widget" data-widget_type="image.default">
				<div class="elementor-widget-container">
															<img decoding="async" width="809" height="455" src="https://hatu.pl/wp-content/uploads/2023/11/Volkswagen-Multivan-seats-3.png" class="attachment-large size-large wp-image-5199" alt="" srcset="https://hatu.pl/wp-content/uploads/2023/11/Volkswagen-Multivan-seats-3.png 809w, https://hatu.pl/wp-content/uploads/2023/11/Volkswagen-Multivan-seats-3-300x169.png 300w, https://hatu.pl/wp-content/uploads/2023/11/Volkswagen-Multivan-seats-3-768x432.png 768w, https://hatu.pl/wp-content/uploads/2023/11/Volkswagen-Multivan-seats-3-600x337.png 600w" sizes="(max-width: 809px) 100vw, 809px" />															</div>
				</div>
				</div>
					</div>
				</div>
				</div>

<p><strong>Hatu Area </strong>to seria produktów do zabudowy ścian w vanie, do samodzielnego montażu pozwalających w łatwy i szybki sposób zmienić wnętrze VW T5, T6, T6.1.</p>
<p>Elementy zabudowy ścian wykonujemy w technologii CNC dającej absolutną dokładność i powtarzalność. Do produkcji używamy płyt laminowanych identycznych z oryginalnymi, fornirowanej sklejki zabezpieczonej wysokiej jakości lazurą ochronną oraz trwałych i bezpiecznych dla użytkowanika i środowiska materiałów tapicerskich posiadających certyfikat &#8222;OEKO-TEX Standard 100&#8221;.</p>
<p>W celu zachowania najwyższych standardów jakości oraz zminimalizowania śladu węglowego naszych produktów torby z serii Hatu Area szyte są w Polsce z wysokiej jakości certyfikowanych materiałów europejskiego pochodzenia.</p>
