{"id":2276,"date":"2025-02-11T15:40:45","date_gmt":"2025-02-11T14:40:45","guid":{"rendered":"https:\/\/hatu.pl\/?post_type=product&#038;p=2276"},"modified":"2026-04-20T14:18:29","modified_gmt":"2026-04-20T12:18:29","slug":"vw-t5-t6-modulowy-bagaznik-dachowy","status":"publish","type":"product","link":"https:\/\/hatu.pl\/index.php\/produkt\/vw-t5-t6-modulowy-bagaznik-dachowy\/","title":{"rendered":"Modu\u0142owy standardowy baga\u017cnik dachowy VW T5\/T6 ze stali nierdzewnej"},"content":{"rendered":"\t\t<div data-elementor-type=\"product-post\" data-elementor-id=\"2276\" class=\"elementor elementor-2276\" data-elementor-post-type=\"product\">\n\t\t\t\t<div class=\"elementor-element elementor-element-ef66023 e-flex e-con-boxed e-con e-parent\" data-id=\"ef66023\" data-element_type=\"container\" data-e-type=\"container\">\n\t\t\t\t\t<div class=\"e-con-inner\">\n\t\t\t\t<div class=\"elementor-element elementor-element-f15d557 elementor-widget elementor-widget-text-editor\" data-id=\"f15d557\" data-element_type=\"widget\" data-e-type=\"widget\" data-widget_type=\"text-editor.default\">\n\t\t\t\t<div class=\"elementor-widget-container\">\n\t\t\t\t\t\t\t\t\t<h4 style=\"text-align: center;\">Baga\u017cnik Dachowy ND-Rack \u2013 Optymalizacja Przestrzeni w Twoim VW T5\/T6<\/h4><p>Szukasz idealnego rozwi\u0105zania do przechowywania w swoim poje\u017adzie? Nasze baga\u017cniki dachowe ND-Rack oferuj\u0105 r\u00f3\u017cne opcje kombinacji, kt\u00f3re mo\u017cna dostosowa\u0107 do Twoich indywidualnych potrzeb. Dzi\u0119ki prostemu monta\u017cowi stworzysz solidn\u0105 podstaw\u0119 dla transportu nie tylko markizy, ale tak\u017ce namiotu dachowego, boxu dachowego, kajaka, deski surfingowej, paneli s\u0142onecznych czy w\u0142asnych nadbud\u00f3wek.<\/p><h4 style=\"text-align: center;\">Cechy szczeg\u00f3lne baga\u017cnik\u00f3w ND-Rack:<\/h4><ul><li><strong>Bardzo lekki:<\/strong> Niska waga zwi\u0119ksza \u0142adowno\u015b\u0107 pojazdu.<\/li><li><strong>Bardzo p\u0142aski:<\/strong> Zmniejsza wysoko\u015b\u0107 baga\u017cnika, u\u0142atwiaj\u0105c wjazd na parkingi i promy.<\/li><li><strong>System modu\u0142owy:<\/strong> Baga\u017cnik dopasowuje si\u0119 do pojazdu, zapewniaj\u0105c idealn\u0105 stabilno\u015b\u0107.<\/li><li><strong>Stabilny:<\/strong> Wysoka no\u015bno\u015b\u0107 zapewnia solidno\u015b\u0107 transportu.<\/li><li><strong>Stal nierdzewna:<\/strong> Niezwykle trwa\u0142y materia\u0142, odporny na rdzewienie i uszkodzenia.<\/li><\/ul><h4 style=\"text-align: center;\">Dane techniczne:<\/h4><ul><li><strong>Pasuje do:<\/strong> VW T5\/T6 (od 2003 roku do dzi\u015b) w wersjach Transporter, Multivan i Caravelle (nie pasuje do modelu California)<\/li><li><strong>Wyprodukowano w Niemczech<\/strong><\/li><li><strong>Materia\u0142:<\/strong> Stal nierdzewna (V2A 1.4301)<\/li><li><strong>Kolor:<\/strong> Malowany proszkowo na czarno<\/li><li><strong>Waga:<\/strong> 2,8 kg na baga\u017cnik<\/li><li><strong>Opcje monta\u017cu:<\/strong> Szyna C lub punkty sta\u0142e<\/li><li><strong>Gumowa podk\u0142adka:<\/strong> Mi\u0119dzy baga\u017cnikiem a dachem w celu ochrony powierzchni<\/li><li><strong>No\u015bno\u015b\u0107 dynamiczna:<\/strong><ul><li>2 wsporniki = 80 kg<\/li><li>3 wsporniki = 110 kg (idealne dla namiotu dachowego 140 x 220 cm, obci\u0105\u017cenie statyczne do 300 kg)<\/li><li>4 wsporniki = 150 kg<\/li><\/ul><\/li><li><strong>Wymiary rozp\u00f3rki:<\/strong> Szeroko\u015b\u0107 40 mm, wysoko\u015b\u0107 20 mm, d\u0142ugo\u015b\u0107 1300 mm<\/li><li><strong>Wysoko\u015b\u0107 monta\u017cu:<\/strong> Od g\u00f3rnej kraw\u0119dzi dachu do g\u00f3rnej kraw\u0119dzi wspornika \u2013 6 cm<\/li><li><strong>Zawarto\u015b\u0107:<\/strong> Materia\u0142 mocuj\u0105cy ze stali nierdzewnej<\/li><\/ul><h4 style=\"text-align: center;\">Podczas zamawiania:<\/h4><ul><li>Nale\u017cy poda\u0107 <strong>rozstaw osi<\/strong> jako uwag\u0119. Przyk\u0142ady:<ul><li><strong>Kr\u00f3tki rozstaw osi<\/strong>: (B)Wysoki &#8211; (A)Niski &#8211; (A)Niski &#8211; (B)Wysoki<\/li><li><strong>D\u0142ugi rozstaw osi<\/strong>: (B)Wysoki &#8211; (A)Niski &#8211; (A)Niski &#8211; (B)Wysoki &#8211; (B1) Bardzo Wysoki<\/li><\/ul><\/li><\/ul><h4 style=\"text-align: center;\">Opcje monta\u017cu no\u015bnik\u00f3w:<\/h4><ul><li>1x sztuka = 1x B<\/li><li>2x sztuki = 2x B<\/li><li>3x sztuki = 1x B + 2x A<\/li><li>4x sztuki = 2x B + 2x A<\/li><li>5x sztuki = 2x B + 2x A + 1x B1<\/li><\/ul><h4 style=\"text-align: center;\">Przy wyborze uchwytu markizy:<\/h4><ul><li>1 no\u015bnik = 1 uchwyt markizy<\/li><li>2 no\u015bniki = 2 uchwyty markizy<\/li><li>3 no\u015bniki = 2 uchwyty markizy<\/li><li>4 no\u015bniki = 2 uchwyty markizy<\/li><li>5 no\u015bnik\u00f3w = 2 uchwyty markizy<\/li><\/ul><h4 style=\"text-align: center;\">Dodatkowe akcesoria:<\/h4><ul><li><strong>Szum wiatru:<\/strong> Aby zminimalizowa\u0107 ha\u0142as wiatru, zalecamy u\u017cycie ochraniaczy baga\u017cnika dachowego, kt\u00f3re zmniejszaj\u0105 op\u00f3r powietrza i zapewniaj\u0105 cichsz\u0105 jazd\u0119.<\/li><li><strong>Namiot dachowy:<\/strong> Ze wzgl\u0119du na niski profil belek dachowych, czasami mi\u0119dzy belk\u0105 a dachem pozostaje tylko 4 cm przestrzeni. W takich przypadkach oferujemy wyj\u0105tkowo niskie uchwyty do namiotu dachowego.<\/li><\/ul><h4 style=\"text-align: center;\">Zakres dostawy:<\/h4><ul><li>1x Baga\u017cnik dachowy ND-Rack<\/li><li>Materia\u0142 mocuj\u0105cy ze stali nierdzewnej<\/li><\/ul><p>Dzi\u0119ki systemowi modu\u0142owemu i \u0142atwemu monta\u017cowi, baga\u017cnik dachowy ND-Rack jest doskona\u0142ym rozwi\u0105zaniem do transportu r\u00f3\u017cnych akcesori\u00f3w na dachu Twojego VW T5\/T6.<\/p>\t\t\t\t\t\t\t\t<\/div>\n\t\t\t\t<\/div>\n\t\t\t\t\t<\/div>\n\t\t\t\t<\/div>\n\t\t\t\t<\/div>\n\t\t","protected":false},"excerpt":{"rendered":"<p>Baga\u017cnik Dachowy ND-Rack \u2013 Optymalizacja Przestrzeni w Twoim VW T5\/T6 Szukasz idealnego rozwi\u0105zania do przechowywania w swoim poje\u017adzie? Nasze baga\u017cniki [&hellip;]<\/p>\n","protected":false},"featured_media":2287,"comment_status":"open","ping_status":"closed","template":"","meta":{"site-sidebar-layout":"no-sidebar","site-content-layout":"","ast-site-content-layout":"full-width-container","site-content-style":"default","site-sidebar-style":"default","ast-global-header-display":"","ast-banner-title-visibility":"","ast-main-header-display":"","ast-hfb-above-header-display":"","ast-hfb-below-header-display":"","ast-hfb-mobile-header-display":"","site-post-title":"disabled","ast-breadcrumbs-content":"","ast-featured-img":"disabled","footer-sml-layout":"","ast-disable-related-posts":"","theme-transparent-header-meta":"default","adv-header-id-meta":"","stick-header-meta":"","header-above-stick-meta":"","header-main-stick-meta":"","header-below-stick-meta":"","astra-migrate-meta-layouts":"set","ast-page-background-enabled":"default","ast-page-background-meta":{"desktop":{"background-color":"var(--ast-global-color-4)","background-image":"","background-repeat":"repeat","background-position":"center center","background-size":"auto","background-attachment":"scroll","background-type":"","background-media":"","overlay-type":"","overlay-color":"","overlay-opacity":"","overlay-gradient":""},"tablet":{"background-color":"","background-image":"","background-repeat":"repeat","background-position":"center center","background-size":"auto","background-attachment":"scroll","background-type":"","background-media":"","overlay-type":"","overlay-color":"","overlay-opacity":"","overlay-gradient":""},"mobile":{"background-color":"","background-image":"","background-repeat":"repeat","background-position":"center center","background-size":"auto","background-attachment":"scroll","background-type":"","background-media":"","overlay-type":"","overlay-color":"","overlay-opacity":"","overlay-gradient":""}},"ast-content-background-meta":{"desktop":{"background-color":"var(--ast-global-color-5)","background-image":"","background-repeat":"repeat","background-position":"center center","background-size":"auto","background-attachment":"scroll","background-type":"","background-media":"","overlay-type":"","overlay-color":"","overlay-opacity":"","overlay-gradient":""},"tablet":{"background-color":"var(--ast-global-color-5)","background-image":"","background-repeat":"repeat","background-position":"center center","background-size":"auto","background-attachment":"scroll","background-type":"","background-media":"","overlay-type":"","overlay-color":"","overlay-opacity":"","overlay-gradient":""},"mobile":{"background-color":"var(--ast-global-color-5)","background-image":"","background-repeat":"repeat","background-position":"center center","background-size":"auto","background-attachment":"scroll","background-type":"","background-media":"","overlay-type":"","overlay-color":"","overlay-opacity":"","overlay-gradient":""}}},"product_brand":[266],"product_cat":[95,163],"product_tag":[],"class_list":{"0":"post-2276","1":"product","2":"type-product","3":"status-publish","4":"has-post-thumbnail","6":"product_brand-nd-rack","7":"product_cat-platformy-dachowe","8":"product_cat-volkswagen","9":"product_shipping_class-dlugie-paczki","10":"pa_ilosc-114","11":"pa_ilosc-115","12":"pa_ilosc-116","13":"pa_ilosc-117","14":"pa_ilosc-118","15":"pa_marka-samochodu-vw","16":"pa_model-t5","17":"pa_model-t6","18":"pa_rodzaj-mocowania-punkty-stale","19":"pa_rodzaj-mocowania-szyna-c","20":"pa_uchwyt-markizy-bez","21":"pa_uchwyt-markizy-fiamma-f35","22":"pa_uchwyt-markizy-fiamma-f45","23":"pa_uchwyt-markizy-uniwersalny","24":"desktop-align-center","25":"tablet-align-left","26":"mobile-align-left","28":"first","29":"onbackorder","30":"taxable","31":"shipping-taxable","32":"purchasable","33":"product-type-variable","34":"has-default-attributes"},"_links":{"self":[{"href":"https:\/\/hatu.pl\/index.php\/wp-json\/wp\/v2\/product\/2276","targetHints":{"allow":["GET"]}}],"collection":[{"href":"https:\/\/hatu.pl\/index.php\/wp-json\/wp\/v2\/product"}],"about":[{"href":"https:\/\/hatu.pl\/index.php\/wp-json\/wp\/v2\/types\/product"}],"replies":[{"embeddable":true,"href":"https:\/\/hatu.pl\/index.php\/wp-json\/wp\/v2\/comments?post=2276"}],"version-history":[{"count":11,"href":"https:\/\/hatu.pl\/index.php\/wp-json\/wp\/v2\/product\/2276\/revisions"}],"predecessor-version":[{"id":4508,"href":"https:\/\/hatu.pl\/index.php\/wp-json\/wp\/v2\/product\/2276\/revisions\/4508"}],"wp:featuredmedia":[{"embeddable":true,"href":"https:\/\/hatu.pl\/index.php\/wp-json\/wp\/v2\/media\/2287"}],"wp:attachment":[{"href":"https:\/\/hatu.pl\/index.php\/wp-json\/wp\/v2\/media?parent=2276"}],"wp:term":[{"taxonomy":"product_brand","embeddable":true,"href":"https:\/\/hatu.pl\/index.php\/wp-json\/wp\/v2\/product_brand?post=2276"},{"taxonomy":"product_cat","embeddable":true,"href":"https:\/\/hatu.pl\/index.php\/wp-json\/wp\/v2\/product_cat?post=2276"},{"taxonomy":"product_tag","embeddable":true,"href":"https:\/\/hatu.pl\/index.php\/wp-json\/wp\/v2\/product_tag?post=2276"}],"curies":[{"name":"wp","href":"https:\/\/api.w.org\/{rel}","templated":true}]}}