{"id":3230,"date":"2025-02-06T15:56:55","date_gmt":"2025-02-06T14:56:55","guid":{"rendered":"https:\/\/hatu.pl\/?post_type=product&#038;p=3230"},"modified":"2025-05-20T10:35:31","modified_gmt":"2025-05-20T08:35:31","slug":"platforma-dachowa-vw-id-buzz","status":"publish","type":"product","link":"https:\/\/hatu.pl\/index.php\/produkt\/platforma-dachowa-vw-id-buzz\/","title":{"rendered":"Platforma dachowa VW ID-Buzz"},"content":{"rendered":"\t\t<div data-elementor-type=\"product-post\" data-elementor-id=\"3230\" class=\"elementor elementor-3230\" data-elementor-post-type=\"product\">\n\t\t\t\t<div class=\"elementor-element elementor-element-513c960 e-flex e-con-boxed e-con e-parent\" data-id=\"513c960\" data-element_type=\"container\" data-e-type=\"container\">\n\t\t\t\t\t<div class=\"e-con-inner\">\n\t\t\t\t<div class=\"elementor-element elementor-element-3cd4504 elementor-widget elementor-widget-text-editor\" data-id=\"3cd4504\" data-element_type=\"widget\" data-e-type=\"widget\" data-widget_type=\"text-editor.default\">\n\t\t\t\t<div class=\"elementor-widget-container\">\n\t\t\t\t\t\t\t\t\t<h4 style=\"text-align: center;\"><strong>Platforma Dachowa ND-Rack dla VW ID. Buzz \u2013 Przestrze\u0144 na Ka\u017cd\u0105 Przygod\u0119<\/strong><\/h4>\n<p>Nowy VW ID. Buzz to pojazd, kt\u00f3ry wyr\u00f3\u017cnia si\u0119 na naszych ulicach nie tylko nowoczesnym designem, ale i funkcjonalno\u015bci\u0105. Dzi\u0119ki przestronnemu wn\u0119trzu ID. Buzz jest doskona\u0142ym wyborem na kampera, jednak podczas takiej podr\u00f3\u017cy mo\u017ce zabrakn\u0105\u0107 miejsca na wszystkie niezb\u0119dne rzeczy \u2013 desk\u0119 surfingow\u0105, kajak, baga\u017ce czy namiot dachowy. Rozwi\u0105zaniem jest platforma WV ID-Buzz od ND-Rack, kt\u00f3ra zapewni mn\u00f3stwo miejsca na dachu Twojego pojazdu.<\/p>\n<h4 style=\"text-align: center;\"><strong>Dlaczego platforma dachowa ND-Rack to idealny wyb\u00f3r?<\/strong><\/h4>\n<ul>\n<li><strong>Bardzo lekka konstrukcja<\/strong> \u2013 niska waga platformy pozwala na wi\u0119ksz\u0105 \u0142adowno\u015b\u0107, nie obci\u0105\u017caj\u0105c pojazdu.<\/li>\n<li><strong>Niezwykle niski profil<\/strong> \u2013 zapewnia \u0142atwy dost\u0119p do parking\u00f3w i prom\u00f3w, bez obawy o ograniczon\u0105 wysoko\u015b\u0107.<\/li>\n<li><strong>System modu\u0142owy<\/strong> \u2013 platforma jest w pe\u0142ni dostosowana do pojazdu, co zapewnia prosty monta\u017c.<\/li>\n<li><strong>Solidna konstrukcja<\/strong> \u2013 baga\u017cnik o wysokiej no\u015bno\u015bci, idealny do transportu ci\u0119\u017cszych przedmiot\u00f3w.<\/li>\n<li><strong>Stal nierdzewna<\/strong> \u2013 wykonany z odpornego na rdz\u0119 materia\u0142u, co zapewnia d\u0142ugowieczno\u015b\u0107 i stabilno\u015b\u0107 platformy.<\/li>\n<\/ul>\n<h4 style=\"text-align: center;\"><strong>Dane techniczne:<\/strong><\/h4>\n<ul>\n<li><strong>Podpory poprzeczne:<\/strong> Wypoziomowane wzgl\u0119dem siebie, co zapewnia r\u00f3wnomierne roz\u0142o\u017cenie \u0142adunku.<\/li>\n<li><strong>Stopy:<\/strong> Zaprojektowane do punkt\u00f3w sta\u0142ych, zapewniaj\u0105ce stabilno\u015b\u0107 i bezpiecze\u0144stwo monta\u017cu.<\/li>\n<li><strong>Brak wymogu rejestracji T\u00dcV lub ABE<\/strong> \u2013 platforma jest gotowa do monta\u017cu bez dodatkowych formalno\u015bci.<\/li>\n<li><strong>Gumowe podk\u0142adki:<\/strong> Mi\u0119dzy baga\u017cnikiem a dachem, chroni\u0105 przed zarysowaniami i zapewniaj\u0105 lepsze dopasowanie.<\/li>\n<li><strong>Wymiary rozp\u00f3rki:<\/strong> 1165 mm x 40 mm x 20 mm<\/li>\n<\/ul>\n<h4 style=\"text-align: center;\"><strong>Zakres dostawy:<\/strong><\/h4>\n<ul>\n<li>1x spojler<\/li>\n<li>1x platforma baga\u017cnika dachowego<\/li>\n<li>1x materia\u0142 mocuj\u0105cy<\/li>\n<\/ul>\t\t\t\t\t\t\t\t<\/div>\n\t\t\t\t<\/div>\n\t\t\t\t\t<\/div>\n\t\t\t\t<\/div>\n\t\t\t\t<\/div>\n\t\t","protected":false},"excerpt":{"rendered":"<p>Platforma Dachowa ND-Rack dla VW ID. Buzz \u2013 Przestrze\u0144 na Ka\u017cd\u0105 Przygod\u0119 Nowy VW ID. Buzz to pojazd, kt\u00f3ry wyr\u00f3\u017cnia [&hellip;]<\/p>\n","protected":false},"featured_media":3232,"comment_status":"open","ping_status":"closed","template":"","meta":{"site-sidebar-layout":"no-sidebar","site-content-layout":"","ast-site-content-layout":"full-width-container","site-content-style":"default","site-sidebar-style":"default","ast-global-header-display":"","ast-banner-title-visibility":"","ast-main-header-display":"","ast-hfb-above-header-display":"","ast-hfb-below-header-display":"","ast-hfb-mobile-header-display":"","site-post-title":"disabled","ast-breadcrumbs-content":"","ast-featured-img":"disabled","footer-sml-layout":"","theme-transparent-header-meta":"default","adv-header-id-meta":"","stick-header-meta":"","header-above-stick-meta":"","header-main-stick-meta":"","header-below-stick-meta":"","astra-migrate-meta-layouts":"set","ast-page-background-enabled":"default","ast-page-background-meta":{"desktop":{"background-color":"var(--ast-global-color-4)","background-image":"","background-repeat":"repeat","background-position":"center center","background-size":"auto","background-attachment":"scroll","background-type":"","background-media":"","overlay-type":"","overlay-color":"","overlay-opacity":"","overlay-gradient":""},"tablet":{"background-color":"","background-image":"","background-repeat":"repeat","background-position":"center center","background-size":"auto","background-attachment":"scroll","background-type":"","background-media":"","overlay-type":"","overlay-color":"","overlay-opacity":"","overlay-gradient":""},"mobile":{"background-color":"","background-image":"","background-repeat":"repeat","background-position":"center center","background-size":"auto","background-attachment":"scroll","background-type":"","background-media":"","overlay-type":"","overlay-color":"","overlay-opacity":"","overlay-gradient":""}},"ast-content-background-meta":{"desktop":{"background-color":"var(--ast-global-color-5)","background-image":"","background-repeat":"repeat","background-position":"center center","background-size":"auto","background-attachment":"scroll","background-type":"","background-media":"","overlay-type":"","overlay-color":"","overlay-opacity":"","overlay-gradient":""},"tablet":{"background-color":"var(--ast-global-color-5)","background-image":"","background-repeat":"repeat","background-position":"center center","background-size":"auto","background-attachment":"scroll","background-type":"","background-media":"","overlay-type":"","overlay-color":"","overlay-opacity":"","overlay-gradient":""},"mobile":{"background-color":"var(--ast-global-color-5)","background-image":"","background-repeat":"repeat","background-position":"center center","background-size":"auto","background-attachment":"scroll","background-type":"","background-media":"","overlay-type":"","overlay-color":"","overlay-opacity":"","overlay-gradient":""}}},"product_brand":[266],"product_cat":[95,163],"product_tag":[],"class_list":{"0":"post-3230","1":"product","2":"type-product","3":"status-publish","4":"has-post-thumbnail","6":"product_brand-nd-rack","7":"product_cat-platformy-dachowe","8":"product_cat-volkswagen","9":"product_shipping_class-dlugie-paczki","10":"pa_dlugosc-l1","11":"pa_marka-samochodu-vw","12":"pa_model-id-buzz","13":"desktop-align-center","14":"tablet-align-left","15":"mobile-align-left","17":"first","18":"onbackorder","19":"taxable","20":"shipping-taxable","21":"purchasable","22":"product-type-simple"},"_links":{"self":[{"href":"https:\/\/hatu.pl\/index.php\/wp-json\/wp\/v2\/product\/3230","targetHints":{"allow":["GET"]}}],"collection":[{"href":"https:\/\/hatu.pl\/index.php\/wp-json\/wp\/v2\/product"}],"about":[{"href":"https:\/\/hatu.pl\/index.php\/wp-json\/wp\/v2\/types\/product"}],"replies":[{"embeddable":true,"href":"https:\/\/hatu.pl\/index.php\/wp-json\/wp\/v2\/comments?post=3230"}],"version-history":[{"count":13,"href":"https:\/\/hatu.pl\/index.php\/wp-json\/wp\/v2\/product\/3230\/revisions"}],"predecessor-version":[{"id":3257,"href":"https:\/\/hatu.pl\/index.php\/wp-json\/wp\/v2\/product\/3230\/revisions\/3257"}],"wp:featuredmedia":[{"embeddable":true,"href":"https:\/\/hatu.pl\/index.php\/wp-json\/wp\/v2\/media\/3232"}],"wp:attachment":[{"href":"https:\/\/hatu.pl\/index.php\/wp-json\/wp\/v2\/media?parent=3230"}],"wp:term":[{"taxonomy":"product_brand","embeddable":true,"href":"https:\/\/hatu.pl\/index.php\/wp-json\/wp\/v2\/product_brand?post=3230"},{"taxonomy":"product_cat","embeddable":true,"href":"https:\/\/hatu.pl\/index.php\/wp-json\/wp\/v2\/product_cat?post=3230"},{"taxonomy":"product_tag","embeddable":true,"href":"https:\/\/hatu.pl\/index.php\/wp-json\/wp\/v2\/product_tag?post=3230"}],"curies":[{"name":"wp","href":"https:\/\/api.w.org\/{rel}","templated":true}]}}