{"id":3237,"date":"2025-02-07T08:11:08","date_gmt":"2025-02-07T07:11:08","guid":{"rendered":"https:\/\/hatu.pl\/?post_type=product&#038;p=3237"},"modified":"2025-05-20T10:35:31","modified_gmt":"2025-05-20T08:35:31","slug":"platforma-dachowa-bagaznika-trafic","status":"publish","type":"product","link":"https:\/\/hatu.pl\/index.php\/produkt\/platforma-dachowa-bagaznika-trafic\/","title":{"rendered":"Platforma dachowa baga\u017cnika Trafic\/Vivaro\/Tolento\/NV300  (H1\/L2)"},"content":{"rendered":"\t\t<div data-elementor-type=\"product-post\" data-elementor-id=\"3237\" class=\"elementor elementor-3237\" data-elementor-post-type=\"product\">\n\t\t\t\t<div class=\"elementor-element elementor-element-153d2a0 e-flex e-con-boxed e-con e-parent\" data-id=\"153d2a0\" data-element_type=\"container\" data-e-type=\"container\">\n\t\t\t\t\t<div class=\"e-con-inner\">\n\t\t\t\t<div class=\"elementor-element elementor-element-eeb3852 elementor-widget elementor-widget-text-editor\" data-id=\"eeb3852\" data-element_type=\"widget\" data-e-type=\"widget\" data-widget_type=\"text-editor.default\">\n\t\t\t\t<div class=\"elementor-widget-container\">\n\t\t\t\t\t\t\t\t\t<h4 style=\"text-align: center;\">Platforma dachowa baga\u017cnika ND-Rack do Furgonetek i Kamper\u00f3w<\/h4><p>Tw\u00f3j kamper jest pe\u0142ny? Dzi\u0119ki platformie baga\u017cnika dachowego ND-Rack zyskasz dodatkow\u0105 przestrze\u0144 do przewozu akcesori\u00f3w takich jak panele s\u0142oneczne, markizy, namioty dachowe czy boks dachowy. Zorganizuj przestrze\u0144 w swojej furgonetce i ciesz si\u0119 komfortow\u0105 podr\u00f3\u017c\u0105, niezale\u017cnie od tego, jak d\u0142ugi jest Tw\u00f3j wakacyjny wyjazd.<\/p><h4 style=\"text-align: center;\"><strong>Dlaczego warto wybra\u0107 ND-Rack?<\/strong><\/h4><ul><li><strong>Spoiler w zestawie:<\/strong> Redukuje ha\u0142as wiatru a\u017c o 80%, zapewniaj\u0105c cisz\u0119 na drodze.<\/li><li><strong>Lekka konstrukcja:<\/strong> Dzi\u0119ki niskiej wadze baga\u017cnik zapewnia wi\u0119ksz\u0105 \u0142adowno\u015b\u0107, a tym samym wi\u0119ksz\u0105 swobod\u0119 podczas podr\u00f3\u017cy.<\/li><li><strong>Bardzo niski profil:<\/strong> U\u0142atwia wjazd na parkingi, promy i przejazd przez niskie bramy.<\/li><li><strong>Modu\u0142owy system:<\/strong> Mo\u017cliwo\u015b\u0107 dopasowania platformy do r\u00f3\u017cnych pojazd\u00f3w.<\/li><li><strong>Solidna konstrukcja:<\/strong> Wysoka no\u015bno\u015b\u0107 baga\u017cnika pozwala na przewo\u017cenie ci\u0119\u017ckich przedmiot\u00f3w.<\/li><li><strong>Stal nierdzewna:<\/strong> Baga\u017cnik wykonany z odpornej na rdz\u0119 stali nierdzewnej, co gwarantuje jego trwa\u0142o\u015b\u0107 i niezawodno\u015b\u0107.<\/li><\/ul><h4 style=\"text-align: center;\"><strong>Dane techniczne:<\/strong><\/h4><ul><li><strong>Materia\u0142:<\/strong> Stal nierdzewna (V2A 1.4301).<\/li><li><strong>Kolor:<\/strong> Malowany proszkowo na czarno.<\/li><li><strong>Maksymalna no\u015bno\u015b\u0107:<\/strong><ul><li>150 kg dynamicznie<\/li><li>400 kg statycznie (np. namiot dachowy dla 3 os\u00f3b).<\/li><\/ul><\/li><li><strong>Waga:<\/strong> Ok. 38 kg.<\/li><li><strong>Wymiary wspornika:<\/strong><ul><li>Szeroko\u015b\u0107: 40 mm<\/li><li>Wysoko\u015b\u0107: 20 mm<\/li><li>D\u0142ugo\u015b\u0107: 1450 mm<\/li><\/ul><\/li><li><strong>Wysoko\u015b\u0107 monta\u017cu:<\/strong> 6 cm od g\u00f3rnej kraw\u0119dzi dachu do g\u00f3rnej kraw\u0119dzi wspornika.<\/li><li><strong>D\u0142ugo\u015b\u0107 wspornika:<\/strong> Rozstaw osi L2 = 3000 mm.<\/li><li><strong>Rejestracja:<\/strong> Brak wymaganej rejestracji T\u00dcV ani ABE.<\/li><\/ul><h4 style=\"text-align: center;\"><strong>Kompatybilno\u015b\u0107:<\/strong><\/h4><p>Platforma jest kompatybilna z nast\u0119puj\u0105cymi pojazdami w wersji H1 L2:<\/p><ul><li>Renault Trafic (od 2014 r. do dzi\u015b)<\/li><li>Opel Vivaro (od 2014 r. do 2019 r.)<\/li><li>Fiat Tolento (od 2016 r. do 2021 r.)<\/li><li>Nissan NV300 \/ Primaster (od 2016 r. do dzi\u015b)<\/li><li>Mitsubishi Express (od 2020 r. do dzi\u015b)<\/li><\/ul><h4 style=\"text-align: center;\"><strong>Konfiguracja i monta\u017c:<\/strong><\/h4><p>Na pojazdach Renault Trafic i innych modelach mo\u017cna zamontowa\u0107 maksymalnie 4 belki dachowe. Monta\u017c odbywa si\u0119 za pomoc\u0105:<\/p><ul><li>Pierwsze 3 uchwyty montowane s\u0105 za pomoc\u0105 2 \u015brub na stop\u0119.<\/li><li>Pierwszy uchwyt od przodu montowany jest za pomoc\u0105 jednej \u015bruby na stop\u0119.<\/li><\/ul><h4 style=\"text-align: center;\"><strong>Zakres dostawy:<\/strong><\/h4><ul><li>1x platforma baga\u017cnika dachowego.<\/li><li>1x spoiler.<\/li><li>Wszystkie wymagane \u015bruby do monta\u017cu.<\/li><\/ul><p><strong>Zainwestuj w komfort i przestronno\u015b\u0107 podczas podr\u00f3\u017cy \u2013 baga\u017cnik ND-Rack to idealne rozwi\u0105zanie na d\u0142ugie wyprawy, wakacje i codzienne potrzeby transportowe!<\/strong><\/p>\t\t\t\t\t\t\t\t<\/div>\n\t\t\t\t<\/div>\n\t\t\t\t\t<\/div>\n\t\t\t\t<\/div>\n\t\t\t\t<\/div>\n\t\t","protected":false},"excerpt":{"rendered":"<p>Platforma dachowa baga\u017cnika ND-Rack do Furgonetek i Kamper\u00f3w Tw\u00f3j kamper jest pe\u0142ny? Dzi\u0119ki platformie baga\u017cnika dachowego ND-Rack zyskasz dodatkow\u0105 przestrze\u0144 [&hellip;]<\/p>\n","protected":false},"featured_media":3244,"comment_status":"open","ping_status":"closed","template":"","meta":{"site-sidebar-layout":"no-sidebar","site-content-layout":"","ast-site-content-layout":"full-width-container","site-content-style":"default","site-sidebar-style":"default","ast-global-header-display":"","ast-banner-title-visibility":"","ast-main-header-display":"","ast-hfb-above-header-display":"","ast-hfb-below-header-display":"","ast-hfb-mobile-header-display":"","site-post-title":"disabled","ast-breadcrumbs-content":"","ast-featured-img":"disabled","footer-sml-layout":"","theme-transparent-header-meta":"default","adv-header-id-meta":"","stick-header-meta":"","header-above-stick-meta":"","header-main-stick-meta":"","header-below-stick-meta":"","astra-migrate-meta-layouts":"set","ast-page-background-enabled":"default","ast-page-background-meta":{"desktop":{"background-color":"var(--ast-global-color-4)","background-image":"","background-repeat":"repeat","background-position":"center center","background-size":"auto","background-attachment":"scroll","background-type":"","background-media":"","overlay-type":"","overlay-color":"","overlay-opacity":"","overlay-gradient":""},"tablet":{"background-color":"","background-image":"","background-repeat":"repeat","background-position":"center center","background-size":"auto","background-attachment":"scroll","background-type":"","background-media":"","overlay-type":"","overlay-color":"","overlay-opacity":"","overlay-gradient":""},"mobile":{"background-color":"","background-image":"","background-repeat":"repeat","background-position":"center center","background-size":"auto","background-attachment":"scroll","background-type":"","background-media":"","overlay-type":"","overlay-color":"","overlay-opacity":"","overlay-gradient":""}},"ast-content-background-meta":{"desktop":{"background-color":"var(--ast-global-color-5)","background-image":"","background-repeat":"repeat","background-position":"center center","background-size":"auto","background-attachment":"scroll","background-type":"","background-media":"","overlay-type":"","overlay-color":"","overlay-opacity":"","overlay-gradient":""},"tablet":{"background-color":"var(--ast-global-color-5)","background-image":"","background-repeat":"repeat","background-position":"center center","background-size":"auto","background-attachment":"scroll","background-type":"","background-media":"","overlay-type":"","overlay-color":"","overlay-opacity":"","overlay-gradient":""},"mobile":{"background-color":"var(--ast-global-color-5)","background-image":"","background-repeat":"repeat","background-position":"center center","background-size":"auto","background-attachment":"scroll","background-type":"","background-media":"","overlay-type":"","overlay-color":"","overlay-opacity":"","overlay-gradient":""}}},"product_brand":[266],"product_cat":[177,95],"product_tag":[],"class_list":{"0":"post-3237","1":"product","2":"type-product","3":"status-publish","4":"has-post-thumbnail","6":"product_brand-nd-rack","7":"product_cat-inne","8":"product_cat-platformy-dachowe","9":"product_shipping_class-dlugie-paczki","10":"pa_dlugosc-l2","11":"pa_marka-samochodu-inny","12":"pa_model-inny","13":"pa_wysokosc-h2","14":"desktop-align-center","15":"tablet-align-left","16":"mobile-align-left","18":"first","19":"onbackorder","20":"taxable","21":"shipping-taxable","22":"purchasable","23":"product-type-simple"},"_links":{"self":[{"href":"https:\/\/hatu.pl\/index.php\/wp-json\/wp\/v2\/product\/3237","targetHints":{"allow":["GET"]}}],"collection":[{"href":"https:\/\/hatu.pl\/index.php\/wp-json\/wp\/v2\/product"}],"about":[{"href":"https:\/\/hatu.pl\/index.php\/wp-json\/wp\/v2\/types\/product"}],"replies":[{"embeddable":true,"href":"https:\/\/hatu.pl\/index.php\/wp-json\/wp\/v2\/comments?post=3237"}],"version-history":[{"count":6,"href":"https:\/\/hatu.pl\/index.php\/wp-json\/wp\/v2\/product\/3237\/revisions"}],"predecessor-version":[{"id":3245,"href":"https:\/\/hatu.pl\/index.php\/wp-json\/wp\/v2\/product\/3237\/revisions\/3245"}],"wp:featuredmedia":[{"embeddable":true,"href":"https:\/\/hatu.pl\/index.php\/wp-json\/wp\/v2\/media\/3244"}],"wp:attachment":[{"href":"https:\/\/hatu.pl\/index.php\/wp-json\/wp\/v2\/media?parent=3237"}],"wp:term":[{"taxonomy":"product_brand","embeddable":true,"href":"https:\/\/hatu.pl\/index.php\/wp-json\/wp\/v2\/product_brand?post=3237"},{"taxonomy":"product_cat","embeddable":true,"href":"https:\/\/hatu.pl\/index.php\/wp-json\/wp\/v2\/product_cat?post=3237"},{"taxonomy":"product_tag","embeddable":true,"href":"https:\/\/hatu.pl\/index.php\/wp-json\/wp\/v2\/product_tag?post=3237"}],"curies":[{"name":"wp","href":"https:\/\/api.w.org\/{rel}","templated":true}]}}