{"id":3480,"date":"2025-02-19T14:56:18","date_gmt":"2025-02-19T13:56:18","guid":{"rendered":"https:\/\/hatu.pl\/?post_type=product&#038;p=3480"},"modified":"2025-11-28T10:03:31","modified_gmt":"2025-11-28T09:03:31","slug":"elektryczny-podgrzewacz-wody-bobil","status":"publish","type":"product","link":"https:\/\/hatu.pl\/index.php\/produkt\/elektryczny-podgrzewacz-wody-bobil\/","title":{"rendered":"Elektryczny podgrzewacz wody Bobil Vans"},"content":{"rendered":"\t\t<div data-elementor-type=\"product-post\" data-elementor-id=\"3480\" class=\"elementor elementor-3480\" data-elementor-post-type=\"product\">\n\t\t\t\t<div class=\"elementor-element elementor-element-34ccae8 e-flex e-con-boxed e-con e-parent\" data-id=\"34ccae8\" data-element_type=\"container\" data-e-type=\"container\">\n\t\t\t\t\t<div class=\"e-con-inner\">\n\t\t\t\t<div class=\"elementor-element elementor-element-c66e9ce elementor-widget elementor-widget-text-editor\" data-id=\"c66e9ce\" data-element_type=\"widget\" data-e-type=\"widget\" data-widget_type=\"text-editor.default\">\n\t\t\t\t<div class=\"elementor-widget-container\">\n\t\t\t\t\t\t\t\t\t<h4 style=\"text-align: center;\" data-start=\"71\" data-end=\"157\">Najprostszy i Najta\u0144szy Spos\u00f3b na Ciep\u0142\u0105 Wod\u0119 w Kamperze &#8211; Elektryczny Podgrzewacz Wody Bobil<\/h4>\n<p data-start=\"159\" data-end=\"579\">System Bobil Electric to \u0142atwy spos\u00f3b na uzyskanie ciep\u0142ej wody w Twoim kamperze, jachcie czy innej mobilnej przestrzeni. Oferuje elektryczne podgrzewanie wody przy u\u017cyciu energii 12V, 230V lub obu, idealnie dopasowane do Twoich potrzeb i stylu podr\u00f3\u017cowania. Podgrzewacz wody od Bobil to wszechstronne, efektywne i oszcz\u0119dne rozwi\u0105zanie dla tych, kt\u00f3rzy chc\u0105 cieszy\u0107 si\u0119 komfortow\u0105 ciep\u0142\u0105 wod\u0105 bez wzgl\u0119du na miejsce.<\/p>\n<h4 style=\"text-align: center;\" data-start=\"581\" data-end=\"616\">Wybierz spo\u015br\u00f3d r\u00f3\u017cnych opcji:<\/h4>\n<ul data-start=\"618\" data-end=\"1135\">\n<li data-start=\"618\" data-end=\"741\"><strong data-start=\"620\" data-end=\"639\">Zbiornik 6L 12V<\/strong> \u2013 Idealny dla mniejszych pojazd\u00f3w dostawczych lub os\u00f3b, kt\u00f3re sporadycznie korzystaj\u0105 z ciep\u0142ej wody.<\/li>\n<li data-start=\"742\" data-end=\"827\"><strong data-start=\"744\" data-end=\"765\">Zbiornik 10L 230V<\/strong> \u2013 Dla os\u00f3b, kt\u00f3re cz\u0119sto korzystaj\u0105 z gniazdka elektrycznego.<\/li>\n<li data-start=\"828\" data-end=\"916\"><strong data-start=\"830\" data-end=\"850\">Zbiornik 10L 12V<\/strong> \u2013 Doskona\u0142y dla os\u00f3b korzystaj\u0105cych g\u0142\u00f3wnie z sieci elektrycznej.<\/li>\n<li data-start=\"917\" data-end=\"1039\"><strong data-start=\"919\" data-end=\"951\">Zbiornik 10L 230V + 12V Dual<\/strong> \u2013 Dla tych, kt\u00f3rzy szukaj\u0105 elastyczno\u015bci i mo\u017cliwo\u015bci korzystania z obu \u017ar\u00f3de\u0142 energii.<\/li>\n<li data-start=\"1040\" data-end=\"1135\"><strong data-start=\"1042\" data-end=\"1074\">Zbiornik 15L 230V + 12V Dual<\/strong> \u2013 Wi\u0119kszy zbiornik, idealny dla rodzin i wi\u0119kszych pojazd\u00f3w.<\/li>\n<\/ul>\n<h4 style=\"text-align: center;\">Kluczowe cechy:<\/h4>\n<ul data-start=\"1159\" data-end=\"2195\">\n<li data-start=\"1159\" data-end=\"1353\"><strong data-start=\"1161\" data-end=\"1192\">Maksymalna temperatura 75\u00b0C<\/strong> \u2013 Zbiorniki Bobil Electric umo\u017cliwiaj\u0105 podgrzewanie wody do 75 stopni Celsjusza, co zapewnia komfortow\u0105 temperatur\u0119 wody do prysznica czy codziennych czynno\u015bci.<\/li>\n<li data-start=\"1354\" data-end=\"1560\"><strong data-start=\"1356\" data-end=\"1376\">Wielofunkcyjno\u015b\u0107<\/strong> \u2013 Modele Dual Element pozwalaj\u0105 na jednoczesne podgrzewanie wody zar\u00f3wno przy u\u017cyciu energii 12V (akumulatorowej), jak i 230V (elektrycznej), co sprawia, \u017ce s\u0105 bardziej wszechstronne.<\/li>\n<li data-start=\"1561\" data-end=\"1742\"><strong data-start=\"1563\" data-end=\"1591\">Efektywno\u015b\u0107 energetyczna<\/strong> \u2013 Izolowane zbiorniki ci\u015bnieniowe Bobil Electric utrzymuj\u0105 temperatur\u0119 wody i zmniejszaj\u0105 zu\u017cycie energii elektrycznej, oszcz\u0119dzaj\u0105c energi\u0119 i zasoby.<\/li>\n<li data-start=\"1743\" data-end=\"1948\"><strong data-start=\"1745\" data-end=\"1771\">Sterowanie temperatur\u0105<\/strong> \u2013 Wybierz prosty sterownik (Simple Controller) lub <strong data-start=\"1803\" data-end=\"1829\">Bobil Smart Controller<\/strong>, kt\u00f3ry automatycznie monitoruje temperatur\u0119 wody, stan akumulatora i napi\u0119cie, oraz umo\u017cliwia zautomatyzowane funkcje.<\/li>\n<li data-start=\"1949\" data-end=\"2195\"><strong data-start=\"1951\" data-end=\"1977\">Bezpieczne u\u017cytkowanie<\/strong> \u2013 Dzi\u0119ki opcji <strong data-start=\"1993\" data-end=\"2024\">przeka\u017anika wysokopr\u0105dowego<\/strong> i funkcji monitorowania napi\u0119cia akumulatora, unikniesz roz\u0142adowania akumulatora, a nadmiar energii (np. z paneli s\u0142onecznych) zostanie wykorzystany do podgrzewania wody.<\/li>\n<\/ul>\n<h4 style=\"text-align: center;\" data-start=\"2197\" data-end=\"2218\">Dodatkowe opcje:<\/h4>\n<ul data-start=\"2220\" data-end=\"2707\">\n<li data-start=\"2220\" data-end=\"2337\"><strong data-start=\"2222\" data-end=\"2246\">Zbiornik wyr\u00f3wnawczy<\/strong> \u2013 Zalecany do zbiornik\u00f3w, aby unikn\u0105\u0107 wyciek\u00f3w wody podczas rozpr\u0119\u017cania wody podgrzewanej.<\/li>\n<li data-start=\"2338\" data-end=\"2524\"><strong data-start=\"2340\" data-end=\"2387\">Zestaw termostatycznego zaworu mieszaj\u0105cego<\/strong> \u2013 Doskona\u0142e rozwi\u0105zanie dla rodzin z dzie\u0107mi, zapewniaj\u0105c bezpiecze\u0144stwo i odpowiedni\u0105 temperatur\u0119 wody bez potrzeby stosowania miksera.<\/li>\n<li data-start=\"2525\" data-end=\"2707\"><strong data-start=\"2527\" data-end=\"2565\">Kompatybilno\u015b\u0107 z pompami do 45 PSI<\/strong> \u2013 Zbiorniki Bobil Electric \u0142atwo pod\u0142\u0105czaj\u0105 si\u0119 do wi\u0119kszo\u015bci system\u00f3w wodoci\u0105gowych i pomp, co zapewnia elastyczno\u015b\u0107 w konfiguracji systemu.<\/li>\n<\/ul>\n<h4 style=\"text-align: center;\" data-start=\"2709\" data-end=\"2727\">Specyfikacja:<\/h4>\n<ul data-start=\"2728\" data-end=\"3063\">\n<li data-start=\"2728\" data-end=\"2773\"><strong data-start=\"2730\" data-end=\"2743\">Zasilanie<\/strong>: 12V, 230V, Dual (12V i 230V)<\/li>\n<li data-start=\"2774\" data-end=\"2801\"><strong data-start=\"2776\" data-end=\"2783\">Moc<\/strong>: 800W AC, 200W DC<\/li>\n<li data-start=\"2802\" data-end=\"2841\"><strong data-start=\"2804\" data-end=\"2835\">Maksymalna temperatura wody<\/strong>: 75\u00b0C<\/li>\n<li data-start=\"2842\" data-end=\"2880\"><strong data-start=\"2844\" data-end=\"2856\">Zbiornik<\/strong>: Ci\u015bnieniowy, izolowany<\/li>\n<li data-start=\"2881\" data-end=\"2963\"><strong data-start=\"2883\" data-end=\"2906\">Wymiary i pojemno\u015b\u0107<\/strong>:<br><ul data-start=\"2910\" data-end=\"2963\">\n<li data-start=\"2910\" data-end=\"2963\">6L, 10L, 15L (r\u00f3\u017cne wersje w zale\u017cno\u015bci od potrzeb)<\/li>\n<\/ul>\n<\/li>\n<li data-start=\"2964\" data-end=\"3063\"><strong data-start=\"2966\" data-end=\"2980\">Certyfikat<\/strong>: CE \u2013 zgodno\u015b\u0107 z europejskimi normami zdrowia, bezpiecze\u0144stwa i ochrony \u015brodowiska<\/li>\n<\/ul>\n<h4 style=\"text-align: center;\" data-start=\"3065\" data-end=\"3088\">Idealny wyb\u00f3r dla:<\/h4>\n<ul data-start=\"3089\" data-end=\"3340\">\n<li data-start=\"3089\" data-end=\"3173\"><strong data-start=\"3091\" data-end=\"3113\">Kamper\u00f3w i jacht\u00f3w<\/strong> \u2013 Proste rozwi\u0105zanie do mobilnego uzyskiwania ciep\u0142ej wody.<\/li>\n<li data-start=\"3174\" data-end=\"3252\"><strong data-start=\"3176\" data-end=\"3191\">Podr\u00f3\u017cnik\u00f3w<\/strong> \u2013 Zapewnia ciep\u0142\u0105 wod\u0119 zar\u00f3wno w podr\u00f3\u017cy, jak i na biwakach.<\/li>\n<li data-start=\"3253\" data-end=\"3340\"><strong data-start=\"3255\" data-end=\"3265\">Rodzin<\/strong> \u2013 Wi\u0119ksze pojemno\u015bci i bezpieczne u\u017cytkowanie zapewniaj\u0105 komfort i wygod\u0119.<\/li>\n<\/ul>\n<h4 style=\"text-align: center;\" data-start=\"3342\" data-end=\"3362\">Zestaw zawiera:<\/h4>\n<ul data-start=\"3363\" data-end=\"3532\">\n<li data-start=\"3363\" data-end=\"3427\">Zbiornik Bobil Electric (6L, 10L, 15L, w zale\u017cno\u015bci od wersji)<\/li>\n<li data-start=\"3428\" data-end=\"3475\">Zintegrowane z\u0142\u0105cza do systemu hydraulicznego<\/li>\n<li data-start=\"3476\" data-end=\"3532\">Mo\u017cliwo\u015b\u0107 wyboru sterownika (prosty, Smart Controller)<\/li>\n<\/ul>\n<p data-start=\"3534\" data-end=\"3780\">Bobil Electric to najprostszy, najbardziej oszcz\u0119dny spos\u00f3b na ciep\u0142\u0105 wod\u0119 w Twoim kamperze, jachcie lub innym poje\u017adzie. Prosty monta\u017c, efektywno\u015b\u0107 energetyczna i niezawodno\u015b\u0107 \u2013 wszystko, czego potrzebujesz, by cieszy\u0107 si\u0119 komfortem podr\u00f3\u017cy.<\/p>\t\t\t\t\t\t\t\t<\/div>\n\t\t\t\t<\/div>\n\t\t\t\t\t<\/div>\n\t\t\t\t<\/div>\n\t\t\t\t<\/div>\n\t\t","protected":false},"excerpt":{"rendered":"<table>\n<tbody>\n<tr>\n<td>Pojemno\u015b\u0107<\/td>\n<td>6L (12V); 10L (230V, 12V, Dual); 15L (Dual)<\/td>\n<\/tr>\n<tr>\n<td>Maksymalne ci\u015bnienie pompy<\/td>\n<td>45 PSI<\/td>\n<\/tr>\n<tr>\n<td>Moc<\/td>\n<td>800W (230V AC) or 200W (12V DC)<\/td>\n<\/tr>\n<tr>\n<td>Czas nagrzewania elektrycznego od 15 do 60 stopni<\/td>\n<td>6L- DC: 105 minut<br \/>\n10L- AC: 40 minut;\u00a0 DC: 145 minut<br \/>\n15L- AC: 60 minut; DC: 220 minut<\/td>\n<\/tr>\n<tr>\n<td>Wymiary zbiornika<\/td>\n<td>6L &#8211; 347L x 262W x 225H (mm)<br \/>\n10L &#8211;\u00a0430L X 270W x 280H (mm)<br \/>\n15L &#8211;\u00a0480L x 300W x 310H (mm)<\/td>\n<\/tr>\n<\/tbody>\n<\/table>\n<p style=\"text-align: center;\"><strong><span style=\"text-decoration: underline;\"><a href=\"https:\/\/www.bobilvans.co.uk\/_files\/ugd\/67186c_e1226cc6d2264a96911fad6594f8a9af.pdf\" target=\"_blank\" rel=\"noopener\">Instrukcja instalacji inteligentnego sterownika<\/a><\/span> (podw\u00f3jne napi\u0119cie)<\/strong><\/p>\n<p style=\"text-align: center;\"><strong><span style=\"text-decoration: underline;\"><a href=\"https:\/\/www.bobilvans.co.uk\/_files\/ugd\/67186c_6c47d24178db49298ea994e2240dfacf.pdf\" target=\"_blank\" rel=\"noopener\">Instrukcja instalacji sterownika Smart<\/a><\/span> (napi\u0119cie 12 V)<\/strong><\/p>\n<hr \/>\n<p>&nbsp;<\/p>\n","protected":false},"featured_media":3489,"comment_status":"open","ping_status":"closed","template":"","meta":{"site-sidebar-layout":"no-sidebar","site-content-layout":"","ast-site-content-layout":"full-width-container","site-content-style":"default","site-sidebar-style":"default","ast-global-header-display":"","ast-banner-title-visibility":"","ast-main-header-display":"","ast-hfb-above-header-display":"","ast-hfb-below-header-display":"","ast-hfb-mobile-header-display":"","site-post-title":"disabled","ast-breadcrumbs-content":"","ast-featured-img":"disabled","footer-sml-layout":"","theme-transparent-header-meta":"default","adv-header-id-meta":"","stick-header-meta":"","header-above-stick-meta":"","header-main-stick-meta":"","header-below-stick-meta":"","astra-migrate-meta-layouts":"set","ast-page-background-enabled":"default","ast-page-background-meta":{"desktop":{"background-color":"var(--ast-global-color-4)","background-image":"","background-repeat":"repeat","background-position":"center center","background-size":"auto","background-attachment":"scroll","background-type":"","background-media":"","overlay-type":"","overlay-color":"","overlay-opacity":"","overlay-gradient":""},"tablet":{"background-color":"","background-image":"","background-repeat":"repeat","background-position":"center center","background-size":"auto","background-attachment":"scroll","background-type":"","background-media":"","overlay-type":"","overlay-color":"","overlay-opacity":"","overlay-gradient":""},"mobile":{"background-color":"","background-image":"","background-repeat":"repeat","background-position":"center center","background-size":"auto","background-attachment":"scroll","background-type":"","background-media":"","overlay-type":"","overlay-color":"","overlay-opacity":"","overlay-gradient":""}},"ast-content-background-meta":{"desktop":{"background-color":"var(--ast-global-color-5)","background-image":"","background-repeat":"repeat","background-position":"center center","background-size":"auto","background-attachment":"scroll","background-type":"","background-media":"","overlay-type":"","overlay-color":"","overlay-opacity":"","overlay-gradient":""},"tablet":{"background-color":"var(--ast-global-color-5)","background-image":"","background-repeat":"repeat","background-position":"center center","background-size":"auto","background-attachment":"scroll","background-type":"","background-media":"","overlay-type":"","overlay-color":"","overlay-opacity":"","overlay-gradient":""},"mobile":{"background-color":"var(--ast-global-color-5)","background-image":"","background-repeat":"repeat","background-position":"center center","background-size":"auto","background-attachment":"scroll","background-type":"","background-media":"","overlay-type":"","overlay-color":"","overlay-opacity":"","overlay-gradient":""}}},"product_brand":[268],"product_cat":[182],"product_tag":[],"class_list":{"0":"post-3480","1":"product","2":"type-product","3":"status-publish","4":"has-post-thumbnail","6":"product_brand-bobilvans","7":"product_cat-systemy-ogrzewania","8":"product_shipping_class-importowane-uk","9":"desktop-align-center","10":"tablet-align-left","11":"mobile-align-left","13":"first","14":"instock","15":"taxable","16":"shipping-taxable","17":"purchasable","18":"product-type-variable","19":"has-default-attributes"},"_links":{"self":[{"href":"https:\/\/hatu.pl\/index.php\/wp-json\/wp\/v2\/product\/3480","targetHints":{"allow":["GET"]}}],"collection":[{"href":"https:\/\/hatu.pl\/index.php\/wp-json\/wp\/v2\/product"}],"about":[{"href":"https:\/\/hatu.pl\/index.php\/wp-json\/wp\/v2\/types\/product"}],"replies":[{"embeddable":true,"href":"https:\/\/hatu.pl\/index.php\/wp-json\/wp\/v2\/comments?post=3480"}],"version-history":[{"count":16,"href":"https:\/\/hatu.pl\/index.php\/wp-json\/wp\/v2\/product\/3480\/revisions"}],"predecessor-version":[{"id":5078,"href":"https:\/\/hatu.pl\/index.php\/wp-json\/wp\/v2\/product\/3480\/revisions\/5078"}],"wp:featuredmedia":[{"embeddable":true,"href":"https:\/\/hatu.pl\/index.php\/wp-json\/wp\/v2\/media\/3489"}],"wp:attachment":[{"href":"https:\/\/hatu.pl\/index.php\/wp-json\/wp\/v2\/media?parent=3480"}],"wp:term":[{"taxonomy":"product_brand","embeddable":true,"href":"https:\/\/hatu.pl\/index.php\/wp-json\/wp\/v2\/product_brand?post=3480"},{"taxonomy":"product_cat","embeddable":true,"href":"https:\/\/hatu.pl\/index.php\/wp-json\/wp\/v2\/product_cat?post=3480"},{"taxonomy":"product_tag","embeddable":true,"href":"https:\/\/hatu.pl\/index.php\/wp-json\/wp\/v2\/product_tag?post=3480"}],"curies":[{"name":"wp","href":"https:\/\/api.w.org\/{rel}","templated":true}]}}