{"id":3751,"date":"2025-02-26T11:25:26","date_gmt":"2025-02-26T10:25:26","guid":{"rendered":"https:\/\/hatu.pl\/?post_type=product&#038;p=3751"},"modified":"2025-11-28T12:52:01","modified_gmt":"2025-11-28T11:52:01","slug":"zbiornik-na-wode-105l","status":"publish","type":"product","link":"https:\/\/hatu.pl\/index.php\/produkt\/zbiornik-na-wode-105l\/","title":{"rendered":"Zbiornik na wod\u0119 105L"},"content":{"rendered":"\t\t<div data-elementor-type=\"product-post\" data-elementor-id=\"3751\" class=\"elementor elementor-3751\" data-elementor-post-type=\"product\">\n\t\t\t\t<div class=\"elementor-element elementor-element-cbd9f2e e-flex e-con-boxed e-con e-parent\" data-id=\"cbd9f2e\" data-element_type=\"container\" data-e-type=\"container\">\n\t\t\t\t\t<div class=\"e-con-inner\">\n\t\t\t\t<div class=\"elementor-element elementor-element-3614e34 elementor-widget elementor-widget-text-editor\" data-id=\"3614e34\" data-element_type=\"widget\" data-e-type=\"widget\" data-widget_type=\"text-editor.default\">\n\t\t\t\t<div class=\"elementor-widget-container\">\n\t\t\t\t\t\t\t\t\t<h3 data-start=\"0\" data-end=\"28\">Zbiornik na wod\u0119 105L<\/h3><p data-start=\"29\" data-end=\"75\"><strong data-start=\"29\" data-end=\"73\">Wydale Plastics<\/strong><\/p><p data-start=\"77\" data-end=\"325\">Solidny i praktyczny zbiornik na wod\u0119 o pojemno\u015bci <strong data-start=\"128\" data-end=\"142\">105 litr\u00f3w<\/strong>, wykonany przez renomowan\u0105 firm\u0119 <strong data-start=\"176\" data-end=\"195\">Wydale Plastics<\/strong>. Idealny do przechowywania \u015bwie\u017cej wody, sprawdzi si\u0119 w kamperach, przyczepach kempingowych oraz innych instalacjach mobilnych.<\/p><h4 data-start=\"327\" data-end=\"353\"><strong data-start=\"332\" data-end=\"351\">Cechy produktu:<\/strong><\/h4><p data-start=\"354\" data-end=\"640\">\u2705 <strong data-start=\"356\" data-end=\"370\">Pojemno\u015b\u0107:<\/strong> 105 litr\u00f3w<br data-start=\"381\" data-end=\"384\" \/>\u2705 <strong data-start=\"386\" data-end=\"422\">Wykonany z wytrzyma\u0142ego tworzywa<\/strong>, odpornego na uszkodzenia<br data-start=\"448\" data-end=\"451\" \/>\u2705 <strong data-start=\"453\" data-end=\"489\">5-calowa niewentylowana zakr\u0119tka<\/strong> u\u0142atwiaj\u0105ca dost\u0119p<br data-start=\"508\" data-end=\"511\" \/>\u2705 <strong data-start=\"513\" data-end=\"525\">Wylot \u00be\u201d<\/strong>, kompatybilny z typowymi systemami instalacyjnymi<br data-start=\"575\" data-end=\"578\" data-is-only-node=\"\" \/>\u2705 <strong data-start=\"580\" data-end=\"592\">Wymiary:<\/strong> 750 mm (d\u0142.) \u00d7 300 mm (szer.) \u00d7 500 mm (wys.)<\/p><p data-start=\"642\" data-end=\"700\">Szczeg\u00f3\u0142owe wymiary dost\u0119pne na drugim zdj\u0119ciu produktu.<\/p><h4 data-start=\"702\" data-end=\"737\"><strong data-start=\"707\" data-end=\"735\">Mo\u017cliwo\u015b\u0107 wyposa\u017cenia w:<\/strong><\/h4><p data-start=\"738\" data-end=\"785\">\ud83d\udd39 Gravity fill kit<br data-start=\"761\" data-end=\"764\" \/>\ud83d\udd39 Backfill kit<\/p><p data-start=\"787\" data-end=\"934\">Potrzebujesz pompy, z\u0142\u0105czy lub rur do instalacji wodno-kanalizacyjnej? Sprawd\u017a nasz\u0105 pe\u0142n\u0105 ofert\u0119 w kategorii <a href=\"https:\/\/hatu.pl\/index.php\/kategoria-produktu\/systemy-ogrzewania\/instalacja-wodno-kanalizacyjna-osprzet\/\" target=\"_blank\" rel=\"noopener\"><span style=\"text-decoration: underline;\"><strong data-start=\"897\" data-end=\"931\">instalacje wodno-kanalizacyjne<\/strong>.<\/span><\/a><\/p><p data-start=\"936\" data-end=\"1011\" data-is-last-node=\"\" data-is-only-node=\"\">\ud83d\udc49 <strong data-start=\"939\" data-end=\"1011\" data-is-last-node=\"\">Zam\u00f3w ju\u017c dzi\u015b i zadbaj o niezawodny system wodny w swoim poje\u017adzie!<\/strong><\/p>\t\t\t\t\t\t\t\t<\/div>\n\t\t\t\t<\/div>\n\t\t\t\t\t<\/div>\n\t\t\t\t<\/div>\n\t\t\t\t<\/div>\n\t\t","protected":false},"excerpt":{"rendered":"<p>Zbiornik na wod\u0119 105L Wydale Plastics Solidny i praktyczny zbiornik na wod\u0119 o pojemno\u015bci 105 litr\u00f3w, wykonany przez renomowan\u0105 firm\u0119 [&hellip;]<\/p>\n","protected":false},"featured_media":3760,"comment_status":"open","ping_status":"closed","template":"","meta":{"site-sidebar-layout":"no-sidebar","site-content-layout":"","ast-site-content-layout":"full-width-container","site-content-style":"default","site-sidebar-style":"default","ast-global-header-display":"","ast-banner-title-visibility":"","ast-main-header-display":"","ast-hfb-above-header-display":"","ast-hfb-below-header-display":"","ast-hfb-mobile-header-display":"","site-post-title":"disabled","ast-breadcrumbs-content":"","ast-featured-img":"disabled","footer-sml-layout":"","theme-transparent-header-meta":"default","adv-header-id-meta":"","stick-header-meta":"","header-above-stick-meta":"","header-main-stick-meta":"","header-below-stick-meta":"","astra-migrate-meta-layouts":"set","ast-page-background-enabled":"default","ast-page-background-meta":{"desktop":{"background-color":"var(--ast-global-color-4)","background-image":"","background-repeat":"repeat","background-position":"center center","background-size":"auto","background-attachment":"scroll","background-type":"","background-media":"","overlay-type":"","overlay-color":"","overlay-opacity":"","overlay-gradient":""},"tablet":{"background-color":"","background-image":"","background-repeat":"repeat","background-position":"center center","background-size":"auto","background-attachment":"scroll","background-type":"","background-media":"","overlay-type":"","overlay-color":"","overlay-opacity":"","overlay-gradient":""},"mobile":{"background-color":"","background-image":"","background-repeat":"repeat","background-position":"center center","background-size":"auto","background-attachment":"scroll","background-type":"","background-media":"","overlay-type":"","overlay-color":"","overlay-opacity":"","overlay-gradient":""}},"ast-content-background-meta":{"desktop":{"background-color":"var(--ast-global-color-5)","background-image":"","background-repeat":"repeat","background-position":"center center","background-size":"auto","background-attachment":"scroll","background-type":"","background-media":"","overlay-type":"","overlay-color":"","overlay-opacity":"","overlay-gradient":""},"tablet":{"background-color":"var(--ast-global-color-5)","background-image":"","background-repeat":"repeat","background-position":"center center","background-size":"auto","background-attachment":"scroll","background-type":"","background-media":"","overlay-type":"","overlay-color":"","overlay-opacity":"","overlay-gradient":""},"mobile":{"background-color":"var(--ast-global-color-5)","background-image":"","background-repeat":"repeat","background-position":"center center","background-size":"auto","background-attachment":"scroll","background-type":"","background-media":"","overlay-type":"","overlay-color":"","overlay-opacity":"","overlay-gradient":""}}},"product_brand":[268],"product_cat":[208,209],"product_tag":[],"class_list":{"0":"post-3751","1":"product","2":"type-product","3":"status-publish","4":"has-post-thumbnail","6":"product_brand-bobilvans","7":"product_cat-zbiorniki-na-wode","8":"product_cat-instalacja-sanitarna-w-kamperze","9":"product_shipping_class-importowane-uk","10":"desktop-align-center","11":"tablet-align-left","12":"mobile-align-left","14":"first","15":"onbackorder","16":"taxable","17":"shipping-taxable","18":"purchasable","19":"product-type-variable","20":"has-default-attributes"},"_links":{"self":[{"href":"https:\/\/hatu.pl\/index.php\/wp-json\/wp\/v2\/product\/3751","targetHints":{"allow":["GET"]}}],"collection":[{"href":"https:\/\/hatu.pl\/index.php\/wp-json\/wp\/v2\/product"}],"about":[{"href":"https:\/\/hatu.pl\/index.php\/wp-json\/wp\/v2\/types\/product"}],"replies":[{"embeddable":true,"href":"https:\/\/hatu.pl\/index.php\/wp-json\/wp\/v2\/comments?post=3751"}],"version-history":[{"count":16,"href":"https:\/\/hatu.pl\/index.php\/wp-json\/wp\/v2\/product\/3751\/revisions"}],"predecessor-version":[{"id":4175,"href":"https:\/\/hatu.pl\/index.php\/wp-json\/wp\/v2\/product\/3751\/revisions\/4175"}],"wp:featuredmedia":[{"embeddable":true,"href":"https:\/\/hatu.pl\/index.php\/wp-json\/wp\/v2\/media\/3760"}],"wp:attachment":[{"href":"https:\/\/hatu.pl\/index.php\/wp-json\/wp\/v2\/media?parent=3751"}],"wp:term":[{"taxonomy":"product_brand","embeddable":true,"href":"https:\/\/hatu.pl\/index.php\/wp-json\/wp\/v2\/product_brand?post=3751"},{"taxonomy":"product_cat","embeddable":true,"href":"https:\/\/hatu.pl\/index.php\/wp-json\/wp\/v2\/product_cat?post=3751"},{"taxonomy":"product_tag","embeddable":true,"href":"https:\/\/hatu.pl\/index.php\/wp-json\/wp\/v2\/product_tag?post=3751"}],"curies":[{"name":"wp","href":"https:\/\/api.w.org\/{rel}","templated":true}]}}