{"id":4937,"date":"2025-10-02T11:00:54","date_gmt":"2025-10-02T09:00:54","guid":{"rendered":"https:\/\/hatu.pl\/?post_type=product&#038;p=4937"},"modified":"2025-11-27T14:28:26","modified_gmt":"2025-11-27T13:28:26","slug":"szyna-c-do-bagaznika-dachowego-man-tge-vw-crafter","status":"publish","type":"product","link":"https:\/\/hatu.pl\/index.php\/produkt\/szyna-c-do-bagaznika-dachowego-man-tge-vw-crafter\/","title":{"rendered":"Szyna C do baga\u017cnika dachowego MAN TGE \/ VW Crafter"},"content":{"rendered":"\t\t<div data-elementor-type=\"product-post\" data-elementor-id=\"4937\" class=\"elementor elementor-4937\" data-elementor-post-type=\"product\">\n\t\t\t\t<div class=\"elementor-element elementor-element-33f8e43 e-flex e-con-boxed e-con e-parent\" data-id=\"33f8e43\" data-element_type=\"container\" data-e-type=\"container\">\n\t\t\t\t\t<div class=\"e-con-inner\">\n\t\t\t\t<div class=\"elementor-element elementor-element-fb78bfd elementor-widget elementor-widget-text-editor\" data-id=\"fb78bfd\" data-element_type=\"widget\" data-e-type=\"widget\" data-widget_type=\"text-editor.default\">\n\t\t\t\t<div class=\"elementor-widget-container\">\n\t\t\t\t\t\t\t\t\t<h1><strong><span dir=\"auto\">Oryginalna szyna C do VW Craftera z 2017 roku i MAN TGE<\/span><\/strong><\/h1><h3><strong><span dir=\"auto\">Komplet:\u00a0\u00a0<\/span><\/strong><strong><span dir=\"auto\">relingi dachowe<\/span><\/strong><\/h3><p><span dir=\"auto\">Szyna C kompensuje krzywizn\u0119 i zapewnia p\u0142ask\u0105 powierzchni\u0119 dla baga\u017cnika dachowego.<\/span><\/p><p><span dir=\"auto\">Niestety, ze wzgl\u0119du na mocn\u0105 krzywizn\u0119 dachu w nowym Crafterze lub MAN TGE, nie jest mo\u017cliwy monta\u017c baga\u017cnik\u00f3w dachowych bez oryginalnej szyny C!<\/span><\/p>\t\t\t\t\t\t\t\t<\/div>\n\t\t\t\t<\/div>\n\t\t<div class=\"elementor-element elementor-element-020dde8 e-con-full e-flex e-con e-child\" data-id=\"020dde8\" data-element_type=\"container\" data-e-type=\"container\">\n\t\t\t\t<div class=\"elementor-element elementor-element-31dc927 elementor-widget elementor-widget-text-editor\" data-id=\"31dc927\" data-element_type=\"widget\" data-e-type=\"widget\" data-widget_type=\"text-editor.default\">\n\t\t\t\t<div class=\"elementor-widget-container\">\n\t\t\t\t\t\t\t\t\t<p style=\"box-sizing: inherit; margin-bottom: 18px; color: rgb(64, 64, 64); font-family: Barlow, sans-serif; font-size: 15px; font-style: normal; font-weight: 400; background-color: rgb(246, 246, 246);\"><span style=\"box-sizing: inherit; font-weight: 600;\"><font dir=\"auto\" style=\"box-sizing: inherit; vertical-align: inherit;\">Dane techniczne<\/font><\/span><\/p><ul style=\"box-sizing: inherit; padding-left: 20px; margin-bottom: 20px; margin-left: 0px; color: rgb(64, 64, 64); font-family: Barlow, sans-serif; font-size: 15px; font-style: normal; font-weight: 400; background-color: rgb(246, 246, 246);\"><li style=\"box-sizing: inherit; padding-bottom: 0.25rem;\"><font dir=\"auto\" style=\"box-sizing: inherit; vertical-align: inherit;\">Oryginalna szyna C VW Crafter z 2017 r. \/ MAN TGE do doposa\u017cenia<\/font><\/li><li style=\"box-sizing: inherit; padding-bottom: 0.25rem;\"><font dir=\"auto\" style=\"box-sizing: inherit; vertical-align: inherit;\">Na praw\u0105 i lew\u0105 stron\u0119<\/font><\/li><li style=\"box-sizing: inherit; padding-bottom: 0.25rem;\"><font dir=\"auto\" style=\"box-sizing: inherit; vertical-align: inherit;\">Zawiera uszczelk\u0119, \u015bruby, podk\u0142adki, nakr\u0119tki i \u0142\u0105czniki<\/font><\/li><li style=\"box-sizing: inherit; padding-bottom: 0.25rem;\"><font dir=\"auto\" style=\"box-sizing: inherit; vertical-align: inherit;\">L3 = 3045 mm (d\u0142ugo\u015b\u0107 pojazdu ok. 5986)<\/font><\/li><li style=\"box-sizing: inherit; padding-bottom: 0.25rem;\"><font dir=\"auto\" style=\"box-sizing: inherit; vertical-align: inherit;\">L4 = 4100 mm (d\u0142ugo\u015b\u0107 pojazdu ok. 6836)<\/font><\/li><li style=\"box-sizing: inherit; padding-bottom: 0.25rem;\"><font dir=\"auto\" style=\"box-sizing: inherit; vertical-align: inherit;\">L5 = 4500mm (d\u0142ugo\u015b\u0107 pojazdu ok. 7391)<\/font><\/li><\/ul><p style=\"box-sizing: inherit; margin-bottom: 18px; color: rgb(64, 64, 64); font-family: Barlow, sans-serif; font-size: 15px; font-style: normal; font-weight: 400; background-color: rgb(246, 246, 246);\">&nbsp;<\/p><p style=\"box-sizing: inherit; margin-bottom: 18px; color: rgb(64, 64, 64); font-family: Barlow, sans-serif; font-size: 15px; font-style: normal; font-weight: 400; background-color: rgb(246, 246, 246);\"><span style=\"box-sizing: inherit; font-weight: 600;\"><font dir=\"auto\" style=\"box-sizing: inherit; vertical-align: inherit;\">Zakres dostawy<\/font><\/span><\/p><ul style=\"box-sizing: inherit; padding-left: 20px; margin-bottom: 20px; margin-left: 0px; color: rgb(64, 64, 64); font-family: Barlow, sans-serif; font-size: 15px; font-style: normal; font-weight: 400; background-color: rgb(246, 246, 246);\"><li style=\"box-sizing: inherit; padding-bottom: 0.25rem;\"><font dir=\"auto\" style=\"box-sizing: inherit; vertical-align: inherit;\">1x szyna C prawa i lewa<\/font><\/li><li style=\"box-sizing: inherit; padding-bottom: 0.25rem;\"><font dir=\"auto\" style=\"box-sizing: inherit; vertical-align: inherit;\">1x materia\u0142 monta\u017cowy<\/font><\/li><\/ul>\t\t\t\t\t\t\t\t<\/div>\n\t\t\t\t<\/div>\n\t\t\t\t<\/div>\n\t\t\t\t\t<\/div>\n\t\t\t\t<\/div>\n\t\t\t\t<\/div>\n\t\t","protected":false},"excerpt":{"rendered":"<p><span dir=\"auto\">Szyna C kompensuje krzywizn\u0119 i zapewnia p\u0142ask\u0105 powierzchni\u0119 dla baga\u017cnika dachowego.<\/span><\/p>\n<p><span dir=\"auto\">Niestety, ze wzgl\u0119du na mocn\u0105 krzywizn\u0119 dachu w nowym Crafterze lub MAN TGE, nie jest mo\u017cliwy monta\u017c baga\u017cnik\u00f3w dachowych bez oryginalnej szyny C!<\/span><\/p>\n","protected":false},"featured_media":4947,"comment_status":"open","ping_status":"closed","template":"","meta":{"site-sidebar-layout":"no-sidebar","site-content-layout":"","ast-site-content-layout":"full-width-container","site-content-style":"default","site-sidebar-style":"default","ast-global-header-display":"","ast-banner-title-visibility":"","ast-main-header-display":"","ast-hfb-above-header-display":"","ast-hfb-below-header-display":"","ast-hfb-mobile-header-display":"","site-post-title":"","ast-breadcrumbs-content":"","ast-featured-img":"disabled","footer-sml-layout":"","theme-transparent-header-meta":"default","adv-header-id-meta":"","stick-header-meta":"","header-above-stick-meta":"","header-main-stick-meta":"","header-below-stick-meta":"","astra-migrate-meta-layouts":"set","ast-page-background-enabled":"default","ast-page-background-meta":{"desktop":{"background-color":"var(--ast-global-color-4)","background-image":"","background-repeat":"repeat","background-position":"center center","background-size":"auto","background-attachment":"scroll","background-type":"","background-media":"","overlay-type":"","overlay-color":"","overlay-opacity":"","overlay-gradient":""},"tablet":{"background-color":"","background-image":"","background-repeat":"repeat","background-position":"center center","background-size":"auto","background-attachment":"scroll","background-type":"","background-media":"","overlay-type":"","overlay-color":"","overlay-opacity":"","overlay-gradient":""},"mobile":{"background-color":"","background-image":"","background-repeat":"repeat","background-position":"center center","background-size":"auto","background-attachment":"scroll","background-type":"","background-media":"","overlay-type":"","overlay-color":"","overlay-opacity":"","overlay-gradient":""}},"ast-content-background-meta":{"desktop":{"background-color":"var(--ast-global-color-5)","background-image":"","background-repeat":"repeat","background-position":"center center","background-size":"auto","background-attachment":"scroll","background-type":"","background-media":"","overlay-type":"","overlay-color":"","overlay-opacity":"","overlay-gradient":""},"tablet":{"background-color":"var(--ast-global-color-5)","background-image":"","background-repeat":"repeat","background-position":"center center","background-size":"auto","background-attachment":"scroll","background-type":"","background-media":"","overlay-type":"","overlay-color":"","overlay-opacity":"","overlay-gradient":""},"mobile":{"background-color":"var(--ast-global-color-5)","background-image":"","background-repeat":"repeat","background-position":"center center","background-size":"auto","background-attachment":"scroll","background-type":"","background-media":"","overlay-type":"","overlay-color":"","overlay-opacity":"","overlay-gradient":""}}},"product_brand":[266],"product_cat":[163,166,95],"product_tag":[],"class_list":{"0":"post-4937","1":"product","2":"type-product","3":"status-publish","4":"has-post-thumbnail","6":"product_brand-nd-rack","7":"product_cat-volkswagen","8":"product_cat-man","9":"product_cat-platformy-dachowe","10":"product_shipping_class-dlugie-paczki","11":"pa_dlugosc-l3","12":"pa_dlugosc-l4","13":"pa_dlugosc-l5","14":"pa_marka-samochodu-man","15":"pa_marka-samochodu-vw","16":"pa_model-california","17":"pa_model-tge","18":"desktop-align-center","19":"tablet-align-left","20":"mobile-align-left","22":"first","23":"onbackorder","24":"taxable","25":"shipping-taxable","26":"purchasable","27":"product-type-variable"},"_links":{"self":[{"href":"https:\/\/hatu.pl\/index.php\/wp-json\/wp\/v2\/product\/4937","targetHints":{"allow":["GET"]}}],"collection":[{"href":"https:\/\/hatu.pl\/index.php\/wp-json\/wp\/v2\/product"}],"about":[{"href":"https:\/\/hatu.pl\/index.php\/wp-json\/wp\/v2\/types\/product"}],"replies":[{"embeddable":true,"href":"https:\/\/hatu.pl\/index.php\/wp-json\/wp\/v2\/comments?post=4937"}],"version-history":[{"count":5,"href":"https:\/\/hatu.pl\/index.php\/wp-json\/wp\/v2\/product\/4937\/revisions"}],"predecessor-version":[{"id":4950,"href":"https:\/\/hatu.pl\/index.php\/wp-json\/wp\/v2\/product\/4937\/revisions\/4950"}],"wp:featuredmedia":[{"embeddable":true,"href":"https:\/\/hatu.pl\/index.php\/wp-json\/wp\/v2\/media\/4947"}],"wp:attachment":[{"href":"https:\/\/hatu.pl\/index.php\/wp-json\/wp\/v2\/media?parent=4937"}],"wp:term":[{"taxonomy":"product_brand","embeddable":true,"href":"https:\/\/hatu.pl\/index.php\/wp-json\/wp\/v2\/product_brand?post=4937"},{"taxonomy":"product_cat","embeddable":true,"href":"https:\/\/hatu.pl\/index.php\/wp-json\/wp\/v2\/product_cat?post=4937"},{"taxonomy":"product_tag","embeddable":true,"href":"https:\/\/hatu.pl\/index.php\/wp-json\/wp\/v2\/product_tag?post=4937"}],"curies":[{"name":"wp","href":"https:\/\/api.w.org\/{rel}","templated":true}]}}