{"id":5498,"date":"2026-03-16T10:33:41","date_gmt":"2026-03-16T09:33:41","guid":{"rendered":"https:\/\/hatu.pl\/?post_type=product&#038;p=5498"},"modified":"2026-03-16T10:43:52","modified_gmt":"2026-03-16T09:43:52","slug":"toaleta-spalinowa-purolett-eco-royal","status":"publish","type":"product","link":"https:\/\/hatu.pl\/index.php\/produkt\/toaleta-spalinowa-purolett-eco-royal\/","title":{"rendered":"Toaleta spalinowa Purolett Eco Royal"},"content":{"rendered":"\t\t<div data-elementor-type=\"product-post\" data-elementor-id=\"5498\" class=\"elementor elementor-5498\" data-elementor-post-type=\"product\">\n\t\t\t\t<div class=\"elementor-element elementor-element-7d801f5 e-flex e-con-boxed e-con e-parent\" data-id=\"7d801f5\" data-element_type=\"container\" data-e-type=\"container\">\n\t\t\t\t\t<div class=\"e-con-inner\">\n\t\t\t\t<div class=\"elementor-element elementor-element-b6be3e9 elementor-widget elementor-widget-heading\" data-id=\"b6be3e9\" data-element_type=\"widget\" data-e-type=\"widget\" data-widget_type=\"heading.default\">\n\t\t\t\t<div class=\"elementor-widget-container\">\n\t\t\t\t\t<h2 class=\"elementor-heading-title elementor-size-default\">Najlepsza toaleta spalinowa na rynku<\/h2>\t\t\t\t<\/div>\n\t\t\t\t<\/div>\n\t\t\t\t<div class=\"elementor-element elementor-element-6931523 elementor-widget elementor-widget-text-editor\" data-id=\"6931523\" data-element_type=\"widget\" data-e-type=\"widget\" data-widget_type=\"text-editor.default\">\n\t\t\t\t<div class=\"elementor-widget-container\">\n\t\t\t\t\t\t\t\t\t<p>Toaleta spalinowa Purolett Eco Royal to zaawansowane rozwi\u0105zanie sanitarne zaprojektowane z my\u015bl\u0105 o ca\u0142orocznym u\u017cytkowaniu w domkach letniskowych, przyczepach kempingowych i miejscach bez instalacji kanalizacyjnej. \u0141\u0105czy wydajno\u015b\u0107 spalania z eleganckim wykonaniem i praktycznymi funkcjami zwi\u0119kszaj\u0105cymi komfort oraz bezpiecze\u0144stwo u\u017cytkowania.<\/p><p>Wyposa\u017cenie i zalety:<br \/>&#8211; Automatyczna ochrona przed zimnym powietrzem: mechanizm samoczynnie otwiera i zamyka rur\u0119 dolotow\u0105 powietrza wraz z uruchomieniem i zatrzymaniem wentylatora, eliminuj\u0105c zimne przeci\u0105gi i chroni\u0105c desk\u0119 sedesow\u0105 przed wych\u0142odzeniem.<br \/>&#8211; Nowoczesny design: front z polerowanej stali nierdzewnej oraz estetyczne drzwiczki sp\u0142ukuj\u0105ce nadaj\u0105 toalecie elegancki wygl\u0105d, \u0142atwy do utrzymania w czysto\u015bci.<br \/>&#8211; Ulepszone sp\u0142ukiwanie: obie klapy otwieraj\u0105 si\u0119 podczas sp\u0142ukiwania, co u\u0142atwia opadni\u0119cie worka z zawarto\u015bci\u0105, szczeg\u00f3lnie gdy znajduje si\u0119 w nim niewiele wody.<br \/>&#8211; Wysoka jako\u015b\u0107 spalania i samoczyszczenie: w zestawie znajduje si\u0119 samoczyszcz\u0105cy katalizator zapewniaj\u0105cy efektywne spalanie i ograniczaj\u0105cy konieczno\u015b\u0107 obs\u0142ugi serwisowej.<br \/>&#8211; Kompletny zestaw monta\u017cowy: w standardzie otrzymuj\u0105 Pa\u0144stwo rur\u0119 odprowadzaj\u0105c\u0105 powietrze (90\u00b0), szczyt komina oraz elementy ochrony fasady przed nawiewem powietrza.<br \/>&#8211; Gotowo\u015b\u0107 do pracy od pierwszego dnia: w komplecie znajduje si\u0119 50 work\u00f3w oraz instrukcja obs\u0142ugi umo\u017cliwiaj\u0105ca szybkie i bezproblemowe uruchomienie urz\u0105dzenia.<\/p><p>Dlaczego warto wybra\u0107 Purolett Eco Royal:<br \/>&#8211; Zaprojektowana do intensywnego, ca\u0142orocznego u\u017cytkowania, zapewnia komfort i higien\u0119 bez konieczno\u015bci pod\u0142\u0105czenia do sieci kanalizacyjnej.<br \/>&#8211; Konstrukcja i materia\u0142y odporne na warunki zewn\u0119trzne, estetyczne wyko\u0144czenie ze stali nierdzewnej.<br \/>&#8211; Funkcje automatyczne zwi\u0119kszaj\u0105 wygod\u0119 i minimalizuj\u0105 ryzyko niepo\u017c\u0105danego odczuwania ch\u0142odu podczas korzystania.<\/p>\t\t\t\t\t\t\t\t<\/div>\n\t\t\t\t<\/div>\n\t\t\t\t\t<\/div>\n\t\t\t\t<\/div>\n\t\t<div class=\"elementor-element elementor-element-ff189bf e-flex e-con-boxed e-con e-parent\" data-id=\"ff189bf\" data-element_type=\"container\" data-e-type=\"container\">\n\t\t\t\t\t<div class=\"e-con-inner\">\n\t\t\t\t<div class=\"elementor-element elementor-element-c3f0cd3 elementor-widget elementor-widget-text-editor\" data-id=\"c3f0cd3\" data-element_type=\"widget\" data-e-type=\"widget\" data-widget_type=\"text-editor.default\">\n\t\t\t\t<div class=\"elementor-widget-container\">\n\t\t\t\t\t\t\t\t\t<h3><span dir=\"auto\">W zestawie:<\/span><\/h3><p><br \/>&#8211; Toaleta spalinowa Purolett Eco Royal<br \/>&#8211; Samoczyszcz\u0105cy katalizator<br \/>&#8211; Rura 90\u00b0 do odprowadzania powietrza wylotowego<br \/>&#8211; Ochrona przed zimnem (mechanizm automatycznego zamykania otworu dolotowego)<br \/>&#8211; Szczyt komina<br \/>&#8211; Elementy ochrony elewacji przed nawiewem powietrza<br \/>&#8211; 50 work\u00f3w<br \/>&#8211; Instrukcja obs\u0142ugi<\/p>\t\t\t\t\t\t\t\t<\/div>\n\t\t\t\t<\/div>\n\t\t\t\t\t<\/div>\n\t\t\t\t<\/div>\n\t\t\t\t<\/div>\n\t\t","protected":false},"excerpt":{"rendered":"<p>Najlepsza toaleta spalinowa na rynku Toaleta spalinowa Purolett Eco Royal to zaawansowane rozwi\u0105zanie sanitarne zaprojektowane z my\u015bl\u0105 o ca\u0142orocznym u\u017cytkowaniu [&hellip;]<\/p>\n","protected":false},"featured_media":5508,"comment_status":"open","ping_status":"closed","template":"","meta":{"site-sidebar-layout":"no-sidebar","site-content-layout":"","ast-site-content-layout":"full-width-container","site-content-style":"default","site-sidebar-style":"default","ast-global-header-display":"","ast-banner-title-visibility":"","ast-main-header-display":"","ast-hfb-above-header-display":"","ast-hfb-below-header-display":"","ast-hfb-mobile-header-display":"","site-post-title":"","ast-breadcrumbs-content":"","ast-featured-img":"disabled","footer-sml-layout":"","theme-transparent-header-meta":"default","adv-header-id-meta":"","stick-header-meta":"","header-above-stick-meta":"","header-main-stick-meta":"","header-below-stick-meta":"","astra-migrate-meta-layouts":"set","ast-page-background-enabled":"default","ast-page-background-meta":{"desktop":{"background-color":"var(--ast-global-color-4)","background-image":"","background-repeat":"repeat","background-position":"center center","background-size":"auto","background-attachment":"scroll","background-type":"","background-media":"","overlay-type":"","overlay-color":"","overlay-opacity":"","overlay-gradient":""},"tablet":{"background-color":"","background-image":"","background-repeat":"repeat","background-position":"center center","background-size":"auto","background-attachment":"scroll","background-type":"","background-media":"","overlay-type":"","overlay-color":"","overlay-opacity":"","overlay-gradient":""},"mobile":{"background-color":"","background-image":"","background-repeat":"repeat","background-position":"center center","background-size":"auto","background-attachment":"scroll","background-type":"","background-media":"","overlay-type":"","overlay-color":"","overlay-opacity":"","overlay-gradient":""}},"ast-content-background-meta":{"desktop":{"background-color":"var(--ast-global-color-5)","background-image":"","background-repeat":"repeat","background-position":"center center","background-size":"auto","background-attachment":"scroll","background-type":"","background-media":"","overlay-type":"","overlay-color":"","overlay-opacity":"","overlay-gradient":""},"tablet":{"background-color":"var(--ast-global-color-5)","background-image":"","background-repeat":"repeat","background-position":"center center","background-size":"auto","background-attachment":"scroll","background-type":"","background-media":"","overlay-type":"","overlay-color":"","overlay-opacity":"","overlay-gradient":""},"mobile":{"background-color":"var(--ast-global-color-5)","background-image":"","background-repeat":"repeat","background-position":"center center","background-size":"auto","background-attachment":"scroll","background-type":"","background-media":"","overlay-type":"","overlay-color":"","overlay-opacity":"","overlay-gradient":""}}},"product_brand":[346],"product_cat":[209],"product_tag":[],"class_list":{"0":"post-5498","1":"product","2":"type-product","3":"status-publish","4":"has-post-thumbnail","6":"product_brand-purolett","7":"product_cat-instalacja-sanitarna-w-kamperze","8":"product_shipping_class-ciezkie-przesylki","9":"desktop-align-center","10":"tablet-align-left","11":"mobile-align-left","13":"first","14":"instock","15":"taxable","16":"shipping-taxable","17":"purchasable","18":"product-type-simple"},"_links":{"self":[{"href":"https:\/\/hatu.pl\/index.php\/wp-json\/wp\/v2\/product\/5498","targetHints":{"allow":["GET"]}}],"collection":[{"href":"https:\/\/hatu.pl\/index.php\/wp-json\/wp\/v2\/product"}],"about":[{"href":"https:\/\/hatu.pl\/index.php\/wp-json\/wp\/v2\/types\/product"}],"replies":[{"embeddable":true,"href":"https:\/\/hatu.pl\/index.php\/wp-json\/wp\/v2\/comments?post=5498"}],"version-history":[{"count":18,"href":"https:\/\/hatu.pl\/index.php\/wp-json\/wp\/v2\/product\/5498\/revisions"}],"predecessor-version":[{"id":5518,"href":"https:\/\/hatu.pl\/index.php\/wp-json\/wp\/v2\/product\/5498\/revisions\/5518"}],"wp:featuredmedia":[{"embeddable":true,"href":"https:\/\/hatu.pl\/index.php\/wp-json\/wp\/v2\/media\/5508"}],"wp:attachment":[{"href":"https:\/\/hatu.pl\/index.php\/wp-json\/wp\/v2\/media?parent=5498"}],"wp:term":[{"taxonomy":"product_brand","embeddable":true,"href":"https:\/\/hatu.pl\/index.php\/wp-json\/wp\/v2\/product_brand?post=5498"},{"taxonomy":"product_cat","embeddable":true,"href":"https:\/\/hatu.pl\/index.php\/wp-json\/wp\/v2\/product_cat?post=5498"},{"taxonomy":"product_tag","embeddable":true,"href":"https:\/\/hatu.pl\/index.php\/wp-json\/wp\/v2\/product_tag?post=5498"}],"curies":[{"name":"wp","href":"https:\/\/api.w.org\/{rel}","templated":true}]}}