{"id":779,"date":"2024-10-17T15:34:34","date_gmt":"2024-10-17T13:34:34","guid":{"rendered":"https:\/\/hatu.pl\/?post_type=product&#038;p=779"},"modified":"2025-10-28T10:14:07","modified_gmt":"2025-10-28T09:14:07","slug":"779-korek-w-sprayu","status":"publish","type":"product","link":"https:\/\/hatu.pl\/index.php\/produkt\/779-korek-w-sprayu\/","title":{"rendered":"Korek w sprayu Soliege"},"content":{"rendered":"\t\t<div data-elementor-type=\"product-post\" data-elementor-id=\"779\" class=\"elementor elementor-779\" data-elementor-post-type=\"product\">\n\t\t\t\t<div class=\"elementor-element elementor-element-76d6b620 e-flex e-con-boxed e-con e-parent\" data-id=\"76d6b620\" data-element_type=\"container\" data-e-type=\"container\">\n\t\t\t\t\t<div class=\"e-con-inner\">\n\t\t\t\t<div class=\"elementor-element elementor-element-318b3929 elementor-widget elementor-widget-text-editor\" data-id=\"318b3929\" data-element_type=\"widget\" data-e-type=\"widget\" data-widget_type=\"text-editor.default\">\n\t\t\t\t<div class=\"elementor-widget-container\">\n\t\t\t\t\t\t\t\t\t<h3>Ekologiczna Pow\u0142oka Korkowa w Sprayu \u2013 Zr\u00f3wnowa\u017cona Izolacja<\/h3><p>Nasza innowacyjna ekologiczna pow\u0142oka korkowa w sprayu jest idealna do izolacji termicznej i akustycznej. Wykonana z naturalnego korka z regionu Landais we Francji, zapewnia komfort w r\u00f3\u017cnych wn\u0119trzach, w tym w pojazdach dostawczych, \u0142odziach i miejscach nara\u017conych na wilgo\u0107.<\/p><h4>Kluczowe Zalety:<\/h4><ul><li><p><strong>\u0141atwo\u015b\u0107 Aplikacji<\/strong>: Prosta w u\u017cyciu, spryskanie powierzchni wystarczy. Dzia\u0142a na metalach, drewnie, kompozytach i tynkach bez konieczno\u015bci wcze\u015bniejszego przygotowania.<\/p><\/li><li><p><strong>Efektywno\u015b\u0107 Izolacyjna<\/strong>: Niska przewodno\u015b\u0107 cieplna (0,039 W\/mk) minimalizuje transfer ciep\u0142a, a tak\u017ce niweluje kondensacj\u0119 wody i ple\u015b\u0144. Poprawia akustyk\u0119 pomieszcze\u0144, redukuj\u0105c ha\u0142as o 19 dB.<\/p><\/li><li><p><strong>Ekologiczne Sk\u0142adniki<\/strong>: Bez fungicyd\u00f3w i biocyd\u00f3w, produkt jest organiczny, biodegradowalny i posiada certyfikat \u201eExcell Green Zone\u201d.<\/p><\/li><li><p><strong>Wszechstronno\u015b\u0107<\/strong>: U\u017cywana w samochodach kempingowych, mobilnych domach, studiach nagraniowych, gabinetach lekarskich i wielu innych przestrzeniach.<\/p><\/li><li><p><strong>Estetyka i Personalizacja<\/strong>: Naturalny be\u017cowy kolor mo\u017cna modyfikowa\u0107 pigmentami lub malowa\u0107 tradycyjnymi farbami.<\/p><\/li><li><p><strong>D\u0142ugowieczno\u015b\u0107<\/strong>: Testy laboratoryjne potwierdzaj\u0105 skuteczno\u015b\u0107 przez co najmniej 10 lat, bez daty wa\u017cno\u015bci.<\/p><\/li><li><p><strong style=\"background-color: transparent; color: var( --e-global-color-primary ); text-align: var(--text-align);\">Transport i u\u017cycie<\/strong><span style=\"background-color: transparent; color: var( --e-global-color-primary ); text-align: var(--text-align);\">:\u00a0<\/span>Pakowanie korka w worki u\u0142atwia jego transport, nie komplikuj\u0105c jednocze\u015bnie jego u\u017cycia. Do 6 kg korka dodaje si\u0119 6 litr\u00f3w wody i dobrze miesza. Rezultatem jest 12 kg korka w sprayu.<\/p><\/li><\/ul><p>Oferujemy profesjonaln\u0105 us\u0142ug\u0119 izolacji korkiem, we\u0142n\u0105 oraz filcem \u2013 Pogl\u0105dowy koszt pe\u0142nej izolacji korkiem i we\u0142n\u0105 dla pojazd\u00f3w typu Transporter T5\/T6 wynosi od 2500 do 3000 z\u0142.\u00a0<span style=\"font-style: inherit; font-weight: inherit;\">Wi\u0119cej informacji znajdziesz na naszej stronie oraz z link\u00f3w poni\u017cej<\/span><\/p><p style=\"text-align: center;\">\ud83d\udc11\u00a0 <a href=\"https:\/\/hatu.pl\/index.php\/izolacja-welna-korek\/\" target=\"_blank\" rel=\"noopener\">Izolacja korkiem i we\u0142n\u0105 <\/a>\ud83d\udc11<\/p><p style=\"text-align: center;\">\ud83e\uddf5 <a href=\"https:\/\/hatu.pl\/index.php\/wykonczenie-wnetrza-filcem\/\" target=\"_blank\" rel=\"noopener\">Filcowanie<\/a>\u00a0 \ud83e\uddf5<\/p><p>\u00a0<\/p>\t\t\t\t\t\t\t\t<\/div>\n\t\t\t\t<\/div>\n\t\t\t\t\t<\/div>\n\t\t\t\t<\/div>\n\t\t\t\t<\/div>\n\t\t","protected":false},"excerpt":{"rendered":"<h3 style=\"text-align: left;\" data-start=\"0\" data-end=\"51\">Korek w sprayu Soliege \u2013 ekologiczna izolacja<\/h3>\n<p data-start=\"53\" data-end=\"414\">Nasza pow\u0142oka korkowa to:<br data-start=\"78\" data-end=\"81\" \/>\u2705 Izolacja termiczna i akustyczna \u2013 skutecznie eliminuje drgania i \u015blady wilgoci.<br data-start=\"166\" data-end=\"169\" \/>\u2705 Ekologiczny sk\u0142ad \u2013 100% francuskie drewno, biodegradowalne, bez fungicyd\u00f3w i biocyd\u00f3w.<br data-start=\"262\" data-end=\"265\" \/>\u2705 \u0141atwa aplikacja \u2013 idealna na skomplikowane powierzchnie, zapobiega kondensacji i ple\u015bni.<br data-start=\"359\" data-end=\"362\" \/>\u2705 Komfort i estetyka \u2013 zdrowe wn\u0119trze na lata.<\/p>\n<p style=\"text-align: center;\" data-start=\"416\" data-end=\"574\" data-is-last-node=\"\" data-is-only-node=\"\">\ud83d\udca1 Skorzystaj z naszej <a href=\"https:\/\/hatu.pl\/index.php\/izolacja-welna-korek\/\" target=\"_blank\" rel=\"noopener\"><span style=\"text-decoration: underline;\">us\u0142ugi izolacji<\/span><\/a> \u2013 my zajmiemy si\u0119 aplikacj\u0105!<br data-start=\"487\" data-end=\"490\" \/>\ud83d\udd0d Sprawd\u017a <a href=\"https:\/\/hatu.pl\/index.php\/sklep\" target=\"_blank\" rel=\"noopener\"><span style=\"text-decoration: underline;\">pe\u0142n\u0105 ofert\u0119 w sklepie<\/span><\/a>.<br data-start=\"524\" data-end=\"527\" \/>\ud83d\udcf2 Obserwuj nas na <a href=\"https:\/\/www.facebook.com\/hatucampsolutions\" target=\"_blank\" rel=\"noopener\"><span style=\"text-decoration: underline;\">Facebooku<\/span><\/a> i <a href=\"https:\/\/www.instagram.com\/hatucampsolutions\/\" target=\"_blank\" rel=\"noopener\"><span style=\"text-decoration: underline;\">Instagramie<\/span><\/a>!<\/p>\n<p>&nbsp;<\/p>\n<p>&nbsp;<\/p>\n<p>&nbsp;<\/p>\n","protected":false},"featured_media":4313,"comment_status":"open","ping_status":"closed","template":"","meta":{"site-sidebar-layout":"default","site-content-layout":"","ast-site-content-layout":"default","site-content-style":"default","site-sidebar-style":"default","ast-global-header-display":"","ast-banner-title-visibility":"","ast-main-header-display":"","ast-hfb-above-header-display":"","ast-hfb-below-header-display":"","ast-hfb-mobile-header-display":"","site-post-title":"","ast-breadcrumbs-content":"","ast-featured-img":"","footer-sml-layout":"","theme-transparent-header-meta":"default","adv-header-id-meta":"","stick-header-meta":"","header-above-stick-meta":"","header-main-stick-meta":"","header-below-stick-meta":"","astra-migrate-meta-layouts":"set","ast-page-background-enabled":"default","ast-page-background-meta":{"desktop":{"background-color":"var(--ast-global-color-4)","background-image":"","background-repeat":"repeat","background-position":"center center","background-size":"auto","background-attachment":"scroll","background-type":"","background-media":"","overlay-type":"","overlay-color":"","overlay-opacity":"","overlay-gradient":""},"tablet":{"background-color":"","background-image":"","background-repeat":"repeat","background-position":"center center","background-size":"auto","background-attachment":"scroll","background-type":"","background-media":"","overlay-type":"","overlay-color":"","overlay-opacity":"","overlay-gradient":""},"mobile":{"background-color":"","background-image":"","background-repeat":"repeat","background-position":"center center","background-size":"auto","background-attachment":"scroll","background-type":"","background-media":"","overlay-type":"","overlay-color":"","overlay-opacity":"","overlay-gradient":""}},"ast-content-background-meta":{"desktop":{"background-color":"var(--ast-global-color-5)","background-image":"","background-repeat":"repeat","background-position":"center center","background-size":"auto","background-attachment":"scroll","background-type":"","background-media":"","overlay-type":"","overlay-color":"","overlay-opacity":"","overlay-gradient":""},"tablet":{"background-color":"var(--ast-global-color-5)","background-image":"","background-repeat":"repeat","background-position":"center center","background-size":"auto","background-attachment":"scroll","background-type":"","background-media":"","overlay-type":"","overlay-color":"","overlay-opacity":"","overlay-gradient":""},"mobile":{"background-color":"var(--ast-global-color-5)","background-image":"","background-repeat":"repeat","background-position":"center center","background-size":"auto","background-attachment":"scroll","background-type":"","background-media":"","overlay-type":"","overlay-color":"","overlay-opacity":"","overlay-gradient":""}}},"product_brand":[269],"product_cat":[59],"product_tag":[],"class_list":{"0":"post-779","1":"product","2":"type-product","3":"status-publish","4":"has-post-thumbnail","6":"product_brand-soliege","7":"product_cat-izolacja-termiczno-akustyczna","8":"product_shipping_class-male-paczki","9":"desktop-align-center","10":"tablet-align-left","11":"mobile-align-left","13":"first","14":"instock","15":"taxable","16":"shipping-taxable","17":"purchasable","18":"product-type-simple"},"_links":{"self":[{"href":"https:\/\/hatu.pl\/index.php\/wp-json\/wp\/v2\/product\/779","targetHints":{"allow":["GET"]}}],"collection":[{"href":"https:\/\/hatu.pl\/index.php\/wp-json\/wp\/v2\/product"}],"about":[{"href":"https:\/\/hatu.pl\/index.php\/wp-json\/wp\/v2\/types\/product"}],"replies":[{"embeddable":true,"href":"https:\/\/hatu.pl\/index.php\/wp-json\/wp\/v2\/comments?post=779"}],"version-history":[{"count":45,"href":"https:\/\/hatu.pl\/index.php\/wp-json\/wp\/v2\/product\/779\/revisions"}],"predecessor-version":[{"id":4995,"href":"https:\/\/hatu.pl\/index.php\/wp-json\/wp\/v2\/product\/779\/revisions\/4995"}],"wp:featuredmedia":[{"embeddable":true,"href":"https:\/\/hatu.pl\/index.php\/wp-json\/wp\/v2\/media\/4313"}],"wp:attachment":[{"href":"https:\/\/hatu.pl\/index.php\/wp-json\/wp\/v2\/media?parent=779"}],"wp:term":[{"taxonomy":"product_brand","embeddable":true,"href":"https:\/\/hatu.pl\/index.php\/wp-json\/wp\/v2\/product_brand?post=779"},{"taxonomy":"product_cat","embeddable":true,"href":"https:\/\/hatu.pl\/index.php\/wp-json\/wp\/v2\/product_cat?post=779"},{"taxonomy":"product_tag","embeddable":true,"href":"https:\/\/hatu.pl\/index.php\/wp-json\/wp\/v2\/product_tag?post=779"}],"curies":[{"name":"wp","href":"https:\/\/api.w.org\/{rel}","templated":true}]}}